{"id":476,"date":"2022-02-25T16:14:00","date_gmt":"2022-02-25T16:14:00","guid":{"rendered":"https:\/\/themepanthers.com\/wp\/nest\/d1\/?page_id=476"},"modified":"2026-04-04T00:07:30","modified_gmt":"2026-04-03T22:07:30","slug":"about","status":"publish","type":"page","link":"https:\/\/bilive.ma\/index.php\/about\/","title":{"rendered":"About"},"content":{"rendered":"\t\t<div data-elementor-type=\"wp-page\" data-elementor-id=\"476\" class=\"elementor elementor-476\" data-elementor-post-type=\"page\">\n\t\t\t\t\t\t<section class=\"elementor-section elementor-top-section elementor-element elementor-element-41d4b2a elementor-section-boxed elementor-section-height-default elementor-section-height-default\" data-id=\"41d4b2a\" data-element_type=\"section\">\n\t\t\t\t\t\t<div class=\"elementor-container elementor-column-gap-default\">\n\t\t\t\t\t<div class=\"elementor-column elementor-col-50 elementor-top-column elementor-element elementor-element-d0fca78\" data-id=\"d0fca78\" data-element_type=\"column\">\n\t\t\t<div class=\"elementor-widget-wrap elementor-element-populated\">\n\t\t\t\t\t\t<div class=\"elementor-element elementor-element-7df14c6 elementor-widget elementor-widget-nest-simple-image-box-v1\" data-id=\"7df14c6\" data-element_type=\"widget\" data-widget_type=\"nest-simple-image-box-v1.default\">\n\t\t\t\t<div class=\"elementor-widget-container\">\n\t\t\t\t\t<div class=\"simple_image_boxes  \r\n    wow animate__animated animate__fadeInUp\"\r\n    data-wow-delay=\"0\">\r\n    <img decoding=\"async\" src=\"https:\/\/bilive.ma\/wp-content\/uploads\/2025\/11\/cosmetiques-bio2.jpg\" alt=\"image\" \/>\r\n<\/div>\r\n\t\t\t\t<\/div>\n\t\t\t\t<\/div>\n\t\t\t\t\t<\/div>\n\t\t<\/div>\n\t\t\t\t<div class=\"elementor-column elementor-col-50 elementor-top-column elementor-element elementor-element-3aa31b2\" data-id=\"3aa31b2\" data-element_type=\"column\">\n\t\t\t<div class=\"elementor-widget-wrap elementor-element-populated\">\n\t\t\t\t\t\t<div class=\"elementor-element elementor-element-ee70eba elementor-widget elementor-widget-nest-title-v1\" data-id=\"ee70eba\" data-element_type=\"widget\" data-widget_type=\"nest-title-v1.default\">\n\t\t\t\t<div class=\"elementor-widget-container\">\n\t\t\t\t\t        <div class=\"section_title type_one\">\r\n                                        <div class=\"title_whole\">\r\n                    <div class=\"title\"> Bienvenue chez BiLive  <\/div>\r\n                                    <\/div>\r\n                                <\/div>\r\n    \t\t\t\t<\/div>\n\t\t\t\t<\/div>\n\t\t\t\t<div class=\"elementor-element elementor-element-00dcb2b elementor-widget elementor-widget-text-editor\" data-id=\"00dcb2b\" data-element_type=\"widget\" data-widget_type=\"text-editor.default\">\n\t\t\t\t\t\t\t\t\t<p style=\"text-align: justify;\">Au c\u0153ur d\u2019El Attaouia, BiLive met \u00e0 l\u2019honneur la richesse du terroir marocain \u00e0 travers une s\u00e9lection de produits bio authentiques et de qualit\u00e9 sup\u00e9rieure.<\/p><p style=\"text-align: justify;\">Notre engagement est simple : vous offrir des produits naturels, soigneusement choisis, issus d\u2019un savoir-faire traditionnel et respectueux de l\u2019environnement. De l\u2019huile d\u2019olive extra vierge au miel pur, en passant par une vari\u00e9t\u00e9 de produits du terroir, chaque d\u00e9tail est pens\u00e9 pour garantir go\u00fbt, fra\u00eecheur et confiance.<\/p><p style=\"text-align: justify;\">BiLive, c\u2019est plus qu\u2019une marque\u2026 c\u2019est une invitation \u00e0 consommer sain, local et vrai.<\/p>\t\t\t\t\t\t\t\t<\/div>\n\t\t\t\t<div class=\"elementor-element elementor-element-ef6277c elementor-widget elementor-widget-nest-title-v1\" data-id=\"ef6277c\" data-element_type=\"widget\" data-widget_type=\"nest-title-v1.default\">\n\t\t\t\t<div class=\"elementor-widget-container\">\n\t\t\t\t\t        <div class=\"section_title type_one\">\r\n                                        <div class=\"title_whole\">\r\n                    <div class=\"title\"> Bilive : Produits Bio &amp; Naturels  <\/div>\r\n                                    <\/div>\r\n                                <\/div>\r\n    \t\t\t\t<\/div>\n\t\t\t\t<\/div>\n\t\t\t\t<div class=\"elementor-element elementor-element-cfd816d elementor-widget elementor-widget-text-editor\" data-id=\"cfd816d\" data-element_type=\"widget\" data-widget_type=\"text-editor.default\">\n\t\t\t\t\t\t\t\t\t<p data-start=\"153\" data-end=\"438\">Alimentaire bio, cosm\u00e9tiques naturels, \u00e9pices, miel et huile d\u2019olive.<br data-start=\"182\" data-end=\"185\" \/><strong data-start=\"185\" data-end=\"240\">Qualit\u00e9 premium \u00b7 100% naturel \u00b7 Fabrication locale<\/strong><\/p>\t\t\t\t\t\t\t\t<\/div>\n\t\t\t\t\t<\/div>\n\t\t<\/div>\n\t\t\t\t\t<\/div>\n\t\t<\/section>\n\t\t\t\t<section class=\"elementor-section elementor-top-section elementor-element elementor-element-b43798f elementor-section-boxed elementor-section-height-default elementor-section-height-default\" data-id=\"b43798f\" data-element_type=\"section\">\n\t\t\t\t\t\t<div class=\"elementor-container elementor-column-gap-default\">\n\t\t\t\t\t<div class=\"elementor-column elementor-col-100 elementor-top-column elementor-element elementor-element-0041546\" data-id=\"0041546\" data-element_type=\"column\">\n\t\t\t<div class=\"elementor-widget-wrap elementor-element-populated\">\n\t\t\t\t\t\t<div class=\"elementor-element elementor-element-533d7b0 elementor-widget elementor-widget-nest-title-v1\" data-id=\"533d7b0\" data-element_type=\"widget\" data-widget_type=\"nest-title-v1.default\">\n\t\t\t\t<div class=\"elementor-widget-container\">\n\t\t\t\t\t        <div class=\"section_title type_one\">\r\n                                        <div class=\"title_whole\">\r\n                    <div class=\"title\"> Pourquoi Choisir Bilive ?  <\/div>\r\n                                            <i class=\"icon-waves\"><\/i>\r\n                                    <\/div>\r\n                                <\/div>\r\n    \t\t\t\t<\/div>\n\t\t\t\t<\/div>\n\t\t\t\t\t<\/div>\n\t\t<\/div>\n\t\t\t\t\t<\/div>\n\t\t<\/section>\n\t\t\t\t<section class=\"elementor-section elementor-top-section elementor-element elementor-element-7e49b7f elementor-section-boxed elementor-section-height-default elementor-section-height-default\" data-id=\"7e49b7f\" data-element_type=\"section\">\n\t\t\t\t\t\t<div class=\"elementor-container elementor-column-gap-default\">\n\t\t\t\t\t<div class=\"elementor-column elementor-col-33 elementor-top-column elementor-element elementor-element-43d1f0d\" data-id=\"43d1f0d\" data-element_type=\"column\">\n\t\t\t<div class=\"elementor-widget-wrap elementor-element-populated\">\n\t\t\t\t\t\t<div class=\"elementor-element elementor-element-a06e59f elementor-widget elementor-widget-nest-icon-box-v1\" data-id=\"a06e59f\" data-element_type=\"widget\" data-widget_type=\"nest-icon-box-v1.default\">\n\t\t\t\t<div class=\"elementor-widget-container\">\n\t\t\t\t\t                <div class=\"featured-card icon_box_custom text-center wow animate__animated animate__fadeInUp\" data-wow-delay=\"0\">\r\n         \r\n                            <img decoding=\"async\" src=\"https:\/\/themepanthers.com\/wp\/nest\/d1\/wp-content\/uploads\/2022\/02\/icon-1.png\" alt=\"icon\" \/>\r\n                            <h4>\r\n            <a  href=\"#\"  target=&quot;_blank&quot;  rel=&quot;nofollow&quot;>\r\n                Les meilleures offres            <\/a>\r\n        <\/h4>\r\n        <p>Profitez de tarifs avantageux sur une large s\u00e9lection de produits bio et naturels. Des promotions r\u00e9guli\u00e8res pour faire vos achats au meilleur prix, sans compromis sur la qualit\u00e9.<\/p>\r\n         <a class=\"read_mores\"   href=\"#\"  target=&quot;_blank&quot;  rel=&quot;nofollow&quot;>\r\n                    <\/a>\r\n     <\/div>\r\n                 \t\t\t\t<\/div>\n\t\t\t\t<\/div>\n\t\t\t\t\t<\/div>\n\t\t<\/div>\n\t\t\t\t<div class=\"elementor-column elementor-col-33 elementor-top-column elementor-element elementor-element-3f8dfe0\" data-id=\"3f8dfe0\" data-element_type=\"column\">\n\t\t\t<div class=\"elementor-widget-wrap elementor-element-populated\">\n\t\t\t\t\t\t<div class=\"elementor-element elementor-element-dd45754 elementor-widget elementor-widget-nest-icon-box-v1\" data-id=\"dd45754\" data-element_type=\"widget\" data-widget_type=\"nest-icon-box-v1.default\">\n\t\t\t\t<div class=\"elementor-widget-container\">\n\t\t\t\t\t                <div class=\"featured-card icon_box_custom text-center wow animate__animated animate__fadeInUp\" data-wow-delay=\"0\">\r\n         \r\n                            <img decoding=\"async\" src=\"https:\/\/themepanthers.com\/wp\/nest\/d1\/wp-content\/uploads\/2022\/02\/icon-2.png\" alt=\"icon\" \/>\r\n                            <h4>\r\n            <a >\r\n                Large Assortiment            <\/a>\r\n        <\/h4>\r\n        <p>D\u00e9couvrez un vaste choix de produits bio, cosm\u00e9tiques naturels, \u00e9pices, miel et huile d\u2019olive. Tout ce dont vous avez besoin, r\u00e9uni dans une seule boutique.<\/p>\r\n         <a class=\"read_mores\" >\r\n                    <\/a>\r\n     <\/div>\r\n                 \t\t\t\t<\/div>\n\t\t\t\t<\/div>\n\t\t\t\t\t<\/div>\n\t\t<\/div>\n\t\t\t\t<div class=\"elementor-column elementor-col-33 elementor-top-column elementor-element elementor-element-4ffa7c6\" data-id=\"4ffa7c6\" data-element_type=\"column\">\n\t\t\t<div class=\"elementor-widget-wrap elementor-element-populated\">\n\t\t\t\t\t\t<div class=\"elementor-element elementor-element-25b4c97 elementor-widget elementor-widget-nest-icon-box-v1\" data-id=\"25b4c97\" data-element_type=\"widget\" data-widget_type=\"nest-icon-box-v1.default\">\n\t\t\t\t<div class=\"elementor-widget-container\">\n\t\t\t\t\t                <div class=\"featured-card icon_box_custom text-center wow animate__animated animate__fadeInUp\" data-wow-delay=\"0\">\r\n         \r\n                            <img decoding=\"async\" src=\"https:\/\/themepanthers.com\/wp\/nest\/d1\/wp-content\/uploads\/2022\/02\/icon-3.png\" alt=\"icon\" \/>\r\n                            <h4>\r\n            <a >\r\n                Livraison rapide            <\/a>\r\n        <\/h4>\r\n        <p>Recevez vos produits bio en un temps record gr\u00e2ce \u00e0 un service de livraison rapide, fiable et soigneusement emball\u00e9.<\/p>\r\n         <a class=\"read_mores\" >\r\n                    <\/a>\r\n     <\/div>\r\n                 \t\t\t\t<\/div>\n\t\t\t\t<\/div>\n\t\t\t\t\t<\/div>\n\t\t<\/div>\n\t\t\t\t\t<\/div>\n\t\t<\/section>\n\t\t\t\t<section class=\"elementor-section elementor-top-section elementor-element elementor-element-d5bf54d elementor-section-boxed elementor-section-height-default elementor-section-height-default\" data-id=\"d5bf54d\" data-element_type=\"section\">\n\t\t\t\t\t\t<div class=\"elementor-container elementor-column-gap-default\">\n\t\t\t\t\t<div class=\"elementor-column elementor-col-33 elementor-top-column elementor-element elementor-element-12b7a28\" data-id=\"12b7a28\" data-element_type=\"column\">\n\t\t\t<div class=\"elementor-widget-wrap elementor-element-populated\">\n\t\t\t\t\t\t<div class=\"elementor-element elementor-element-130c39a elementor-widget elementor-widget-nest-icon-box-v1\" data-id=\"130c39a\" data-element_type=\"widget\" data-widget_type=\"nest-icon-box-v1.default\">\n\t\t\t\t<div class=\"elementor-widget-container\">\n\t\t\t\t\t                <div class=\"featured-card icon_box_custom text-center wow animate__animated animate__fadeInUp\" data-wow-delay=\"0\">\r\n         \r\n                            <img decoding=\"async\" src=\"https:\/\/themepanthers.com\/wp\/nest\/d1\/wp-content\/uploads\/2022\/02\/icon-4.png\" alt=\"icon\" \/>\r\n                            <h4>\r\n            <a >\r\n                Retours faciles            <\/a>\r\n        <\/h4>\r\n        <p>Profitez d\u2019un processus de retour simple et sans souci. Nous facilitons vos \u00e9changes et remboursements pour une exp\u00e9rience d\u2019achat sereine.<\/p>\r\n         <a class=\"read_mores\" >\r\n                    <\/a>\r\n     <\/div>\r\n                 \t\t\t\t<\/div>\n\t\t\t\t<\/div>\n\t\t\t\t\t<\/div>\n\t\t<\/div>\n\t\t\t\t<div class=\"elementor-column elementor-col-33 elementor-top-column elementor-element elementor-element-520f0ea\" data-id=\"520f0ea\" data-element_type=\"column\">\n\t\t\t<div class=\"elementor-widget-wrap elementor-element-populated\">\n\t\t\t\t\t\t<div class=\"elementor-element elementor-element-bafa69f elementor-widget elementor-widget-nest-icon-box-v1\" data-id=\"bafa69f\" data-element_type=\"widget\" data-widget_type=\"nest-icon-box-v1.default\">\n\t\t\t\t<div class=\"elementor-widget-container\">\n\t\t\t\t\t                <div class=\"featured-card icon_box_custom text-center wow animate__animated animate__fadeInUp\" data-wow-delay=\"0\">\r\n         \r\n                            <img decoding=\"async\" src=\"https:\/\/themepanthers.com\/wp\/nest\/d1\/wp-content\/uploads\/2022\/02\/icon-5.png\" alt=\"icon\" \/>\r\n                            <h4>\r\n            <a  href=\"#\"  target=&quot;_blank&quot;  rel=&quot;nofollow&quot;>\r\n                Satisfaction \u00e0 100 %            <\/a>\r\n        <\/h4>\r\n        <p>Nous garantissons votre enti\u00e8re satisfaction. Si un produit ne correspond pas \u00e0 vos attentes, nous vous accompagnons pour un \u00e9change ou un remboursement sans complication.<\/p>\r\n         <a class=\"read_mores\"   href=\"#\"  target=&quot;_blank&quot;  rel=&quot;nofollow&quot;>\r\n                    <\/a>\r\n     <\/div>\r\n                 \t\t\t\t<\/div>\n\t\t\t\t<\/div>\n\t\t\t\t\t<\/div>\n\t\t<\/div>\n\t\t\t\t<div class=\"elementor-column elementor-col-33 elementor-top-column elementor-element elementor-element-ff05742\" data-id=\"ff05742\" data-element_type=\"column\">\n\t\t\t<div class=\"elementor-widget-wrap elementor-element-populated\">\n\t\t\t\t\t\t<div class=\"elementor-element elementor-element-21d04ec elementor-widget elementor-widget-nest-icon-box-v1\" data-id=\"21d04ec\" data-element_type=\"widget\" data-widget_type=\"nest-icon-box-v1.default\">\n\t\t\t\t<div class=\"elementor-widget-container\">\n\t\t\t\t\t                <div class=\"featured-card icon_box_custom text-center wow animate__animated animate__fadeInUp\" data-wow-delay=\"0\">\r\n         \r\n                            <img decoding=\"async\" src=\"https:\/\/themepanthers.com\/wp\/nest\/d1\/wp-content\/uploads\/2022\/02\/icon-6.png\" alt=\"icon\" \/>\r\n                            <h4>\r\n            <a >\r\n                Offre du jour exceptionnelle            <\/a>\r\n        <\/h4>\r\n        <p>Profitez chaque jour d\u2019une promotion unique sur une s\u00e9lection de produits bio. Des r\u00e9ductions exclusives, valables pour une dur\u00e9e limit\u00e9e !<\/p>\r\n         <a class=\"read_mores\" >\r\n                    <\/a>\r\n     <\/div>\r\n                 \t\t\t\t<\/div>\n\t\t\t\t<\/div>\n\t\t\t\t\t<\/div>\n\t\t<\/div>\n\t\t\t\t\t<\/div>\n\t\t<\/section>\n\t\t\t\t<\/div>\n\t\t","protected":false},"excerpt":{"rendered":"<p>Bienvenue chez BiLive Au c\u0153ur d\u2019El Attaouia, BiLive met \u00e0 l\u2019honneur la richesse du terroir marocain \u00e0 travers une s\u00e9lection de produits bio authentiques et de qualit\u00e9 sup\u00e9rieure. Notre engagement est simple : vous offrir des produits naturels, soigneusement choisis, issus d\u2019un savoir-faire traditionnel et respectueux de l\u2019environnement. De l\u2019huile d\u2019olive extra vierge au miel [&hellip;]<\/p>\n","protected":false},"author":1,"featured_media":0,"parent":0,"menu_order":0,"comment_status":"closed","ping_status":"closed","template":"template-fullwidth.php","meta":{"footnotes":""},"class_list":["post-476","page","type-page","status-publish","hentry"],"_links":{"self":[{"href":"https:\/\/bilive.ma\/index.php\/wp-json\/wp\/v2\/pages\/476","targetHints":{"allow":["GET"]}}],"collection":[{"href":"https:\/\/bilive.ma\/index.php\/wp-json\/wp\/v2\/pages"}],"about":[{"href":"https:\/\/bilive.ma\/index.php\/wp-json\/wp\/v2\/types\/page"}],"author":[{"embeddable":true,"href":"https:\/\/bilive.ma\/index.php\/wp-json\/wp\/v2\/users\/1"}],"replies":[{"embeddable":true,"href":"https:\/\/bilive.ma\/index.php\/wp-json\/wp\/v2\/comments?post=476"}],"version-history":[{"count":58,"href":"https:\/\/bilive.ma\/index.php\/wp-json\/wp\/v2\/pages\/476\/revisions"}],"predecessor-version":[{"id":5731,"href":"https:\/\/bilive.ma\/index.php\/wp-json\/wp\/v2\/pages\/476\/revisions\/5731"}],"wp:attachment":[{"href":"https:\/\/bilive.ma\/index.php\/wp-json\/wp\/v2\/media?parent=476"}],"curies":[{"name":"wp","href":"https:\/\/api.w.org\/{rel}","templated":true}]}}