{"id":3741,"date":"2025-11-14T11:15:01","date_gmt":"2025-11-14T10:15:01","guid":{"rendered":"https:\/\/bilive.ma\/?post_type=product&#038;p=3741"},"modified":"2026-02-14T11:50:32","modified_gmt":"2026-02-14T10:50:32","slug":"shampooing-jojoba","status":"publish","type":"product","link":"https:\/\/bilive.ma\/index.php\/product\/shampooing-jojoba\/","title":{"rendered":"Shampooing Jojoba"},"content":{"rendered":"<p style=\"text-align: justify;\">Shampooing Jojoba<br \/>\nCosm\u00e9tique naturel<br \/>\n100% du total des ingr\u00e9dients sont d\u2019origine naturelle.<br \/>\n14% du total des ingr\u00e9dients sont issus de naturels<br \/>\nSans paraben<br \/>\nSans parfum ni colorant de synth\u00e8se<\/p>\n<p style=\"text-align: justify;\">Ce shampooing au jojoba, qui restitue l\u2019essence \u00e0 la fibre capillaire pour la restructurer, fortifie, r\u00e9duit la chute des cheveux, combat les pointes fourchues et la casse des cheveux, traite les cheveux ab\u00eem\u00e9s, anti-bact\u00e9rien et anti-parasitaire, Nettoyant efficace du cuir chevelu et \u00e9limine la plaque mentale\u2026<\/p>\n<p style=\"text-align: justify;\">Base moussante d\u2019origine naturelle<br \/>\nSans silicone<br \/>\nPackaging recyclable<br \/>\n<strong>COMMENT UTILISER BELAROME SHAMPOOING JOJOBA\u00a0 POUR CHEVEUX GRAS\u00a0 A BASE HUILE DE JOJOBA EAU FLORAL -200ML<\/strong><br \/>\nAppliquer sur cheveux mouill\u00e9s. Masser doucement puis rincer abondamment. Renouveler si n\u00e9cessaire.<\/p>\n<p style=\"text-align: justify;\">Fabriqu\u00e9 et conditionn\u00e9 au Maroc dans l\u2019usine de Belarome, il est enrichi en actifs naturels :<\/p>\n","protected":false},"excerpt":{"rendered":"<p style=\"text-align: justify;\">Belarome Shampoing Jojoba, Anti-chute, flacon plastique avec emballage carton, 200ml, Shampooing Fortifiant Produit fabriqu\u00e9 en\u00a0<strong>Belar\u00f4me<\/strong>\u00a0maroc Cosm\u00e9tique naturel<\/p>\n","protected":false},"featured_media":3788,"comment_status":"open","ping_status":"closed","template":"","meta":[],"product_brand":[],"product_cat":[85,119,99],"product_tag":[],"class_list":{"0":"post-3741","1":"product","2":"type-product","3":"status-publish","4":"has-post-thumbnail","6":"product_cat-cosmetiques","7":"product_cat-soins-bain-et-corps-cosmetiques","8":"product_cat-soins-cheveux","10":"first","11":"instock","12":"shipping-taxable","13":"purchasable","14":"product-type-simple"},"_links":{"self":[{"href":"https:\/\/bilive.ma\/index.php\/wp-json\/wp\/v2\/product\/3741","targetHints":{"allow":["GET"]}}],"collection":[{"href":"https:\/\/bilive.ma\/index.php\/wp-json\/wp\/v2\/product"}],"about":[{"href":"https:\/\/bilive.ma\/index.php\/wp-json\/wp\/v2\/types\/product"}],"replies":[{"embeddable":true,"href":"https:\/\/bilive.ma\/index.php\/wp-json\/wp\/v2\/comments?post=3741"}],"version-history":[{"count":2,"href":"https:\/\/bilive.ma\/index.php\/wp-json\/wp\/v2\/product\/3741\/revisions"}],"predecessor-version":[{"id":5178,"href":"https:\/\/bilive.ma\/index.php\/wp-json\/wp\/v2\/product\/3741\/revisions\/5178"}],"wp:featuredmedia":[{"embeddable":true,"href":"https:\/\/bilive.ma\/index.php\/wp-json\/wp\/v2\/media\/3788"}],"wp:attachment":[{"href":"https:\/\/bilive.ma\/index.php\/wp-json\/wp\/v2\/media?parent=3741"}],"wp:term":[{"taxonomy":"product_brand","embeddable":true,"href":"https:\/\/bilive.ma\/index.php\/wp-json\/wp\/v2\/product_brand?post=3741"},{"taxonomy":"product_cat","embeddable":true,"href":"https:\/\/bilive.ma\/index.php\/wp-json\/wp\/v2\/product_cat?post=3741"},{"taxonomy":"product_tag","embeddable":true,"href":"https:\/\/bilive.ma\/index.php\/wp-json\/wp\/v2\/product_tag?post=3741"}],"curies":[{"name":"wp","href":"https:\/\/api.w.org\/{rel}","templated":true}]}}