{"id":3752,"date":"2025-11-14T11:15:02","date_gmt":"2025-11-14T10:15:02","guid":{"rendered":"https:\/\/bilive.ma\/?post_type=product&#038;p=3752"},"modified":"2026-02-10T11:58:42","modified_gmt":"2026-02-10T10:58:42","slug":"huile-alimentaire-sesame","status":"publish","type":"product","link":"https:\/\/bilive.ma\/index.php\/product\/huile-alimentaire-sesame\/","title":{"rendered":"Huile Alimentaire S\u00e9same"},"content":{"rendered":"<p style=\"text-align: justify;\">Les produits:<br \/>\n. Fabrication artisanal !<br \/>\n. Nature &amp; Progr\u00e8s et sant\u00e9<br \/>\n. 100% d\u2019ingr\u00e9dients naturel<br \/>\n. Sans colorant, conservateur<\/p>\n<p style=\"text-align: justify;\">L\u2019huile de s\u00e9same est riche en nutriments; Ses usages sont identiques et multiples : cuisine, massage, bain de bouche\u2026 Pr\u00e9par\u00e9 \u00e0 partir de graines de s\u00e9same\u00a0 press\u00e9es \u00e0 froid. Riche en nutriments (vitamine E, B6, magn\u00e9sium, cuivre, calcium, fer, etc.), il est utilis\u00e9 en cuisine pour la friture et les \u00e9pices et en sant\u00e9 \u00e9galement.Contient au moins sept compos\u00e9s antalgiques pour les maladies des gencives et des dents. r\u00e9duire le cholest\u00e9rol et pr\u00e9venir l\u2019art\u00e9rioscl\u00e9rose Utilis\u00e9 pour l\u2019appareil gastro-intestinal, soulager la constipation, traiter la vision floue, les \u00e9tourdissements et les maux de t\u00eate Traiter les allergies cutan\u00e9es, calmer les nerfs et soulager les tensions. Il est utilis\u00e9 en cas de douleurs li\u00e9es aux menstruations pour soulager la d\u00e9shydratation lors de la m\u00e9nopause et contient une structure prot\u00e9ique qui en fait un aliment presque complet et contient de la vitamine (E).<\/p>\n","protected":false},"excerpt":{"rendered":"<p>Huile de s\u00e9same alimentaire\u00a0 vierge pure, flacon en verre de couleur fonc\u00e9e pour le prot\u00e9ger du soleil, Il est produit par pression \u00e0 froid, filtrage sans l\u2019utilisation de solvants, d\u2019additifs ou d\u2019autres agents synth\u00e9tiques, et n\u2019est pas hydrog\u00e9n\u00e9.<\/p>\n","protected":false},"featured_media":3810,"comment_status":"open","ping_status":"closed","template":"","meta":[],"product_brand":[],"product_cat":[85,123,121],"product_tag":[],"class_list":{"0":"post-3752","1":"product","2":"type-product","3":"status-publish","4":"has-post-thumbnail","6":"product_cat-cosmetiques","7":"product_cat-huiles-cosmetiques","8":"product_cat-sante-cosmetiques","10":"first","11":"instock","12":"shipping-taxable","13":"purchasable","14":"product-type-simple"},"_links":{"self":[{"href":"https:\/\/bilive.ma\/index.php\/wp-json\/wp\/v2\/product\/3752","targetHints":{"allow":["GET"]}}],"collection":[{"href":"https:\/\/bilive.ma\/index.php\/wp-json\/wp\/v2\/product"}],"about":[{"href":"https:\/\/bilive.ma\/index.php\/wp-json\/wp\/v2\/types\/product"}],"replies":[{"embeddable":true,"href":"https:\/\/bilive.ma\/index.php\/wp-json\/wp\/v2\/comments?post=3752"}],"version-history":[{"count":1,"href":"https:\/\/bilive.ma\/index.php\/wp-json\/wp\/v2\/product\/3752\/revisions"}],"predecessor-version":[{"id":3811,"href":"https:\/\/bilive.ma\/index.php\/wp-json\/wp\/v2\/product\/3752\/revisions\/3811"}],"wp:featuredmedia":[{"embeddable":true,"href":"https:\/\/bilive.ma\/index.php\/wp-json\/wp\/v2\/media\/3810"}],"wp:attachment":[{"href":"https:\/\/bilive.ma\/index.php\/wp-json\/wp\/v2\/media?parent=3752"}],"wp:term":[{"taxonomy":"product_brand","embeddable":true,"href":"https:\/\/bilive.ma\/index.php\/wp-json\/wp\/v2\/product_brand?post=3752"},{"taxonomy":"product_cat","embeddable":true,"href":"https:\/\/bilive.ma\/index.php\/wp-json\/wp\/v2\/product_cat?post=3752"},{"taxonomy":"product_tag","embeddable":true,"href":"https:\/\/bilive.ma\/index.php\/wp-json\/wp\/v2\/product_tag?post=3752"}],"curies":[{"name":"wp","href":"https:\/\/api.w.org\/{rel}","templated":true}]}}