{"id":3824,"date":"2025-11-14T11:15:16","date_gmt":"2025-11-14T10:15:16","guid":{"rendered":"https:\/\/bilive.ma\/?post_type=product&#038;p=3824"},"modified":"2026-02-10T11:50:23","modified_gmt":"2026-02-10T10:50:23","slug":"hydraulat-composee-herbes-pour-femmes","status":"publish","type":"product","link":"https:\/\/bilive.ma\/index.php\/product\/hydraulat-composee-herbes-pour-femmes\/","title":{"rendered":"Hydraulat Compos\u00e9e Herbes Pour Femmes"},"content":{"rendered":"<p style=\"text-align: justify;\">Les produits:<br \/>\n. Fabrication artisanal !<br \/>\n. Nature &amp; Progr\u00e8s et sant\u00e9<br \/>\n. 100% d\u2019ingr\u00e9dients naturel<br \/>\n. Sans colorant, conservateur<\/p>\n<p style=\"text-align: justify;\"><em><strong>Les produits:<\/strong><\/em><br \/>\n. Fabrication artisanal !<br \/>\n. Nature &amp; Progr\u00e8s et sant\u00e9<br \/>\n. 100% d\u2019ingr\u00e9dients naturel<br \/>\n. Sans colorant, conservateur<\/p>\n<p style=\"text-align: justify;\">Voici un produit du\u00a0<strong>Belar\u00f4me\u00a0<\/strong>hydrolat compos\u00e9e herbes pour femmes, \u00e9labor\u00e9 avec des ingr\u00e9dients naturels, r\u00e9duit les troubles menstruels, les douleurs menstruelles, la transpiration excessive, les boutons blancs et retarde la m\u00e9nopause.<\/p>\n","protected":false},"excerpt":{"rendered":"<p style=\"text-align: justify;\">Hydrolat Compos\u00e9e , Flacon Plastique, Volume 50CC, Processus de distillation, Il contient des ingr\u00e9dients naturelle, Seulement de Belar\u00f4me.<\/p>\n","protected":false},"featured_media":3834,"comment_status":"open","ping_status":"closed","template":"","meta":[],"product_brand":[],"product_cat":[85,121],"product_tag":[],"class_list":{"0":"post-3824","1":"product","2":"type-product","3":"status-publish","4":"has-post-thumbnail","6":"product_cat-cosmetiques","7":"product_cat-sante-cosmetiques","9":"first","10":"instock","11":"shipping-taxable","12":"purchasable","13":"product-type-simple"},"_links":{"self":[{"href":"https:\/\/bilive.ma\/index.php\/wp-json\/wp\/v2\/product\/3824","targetHints":{"allow":["GET"]}}],"collection":[{"href":"https:\/\/bilive.ma\/index.php\/wp-json\/wp\/v2\/product"}],"about":[{"href":"https:\/\/bilive.ma\/index.php\/wp-json\/wp\/v2\/types\/product"}],"replies":[{"embeddable":true,"href":"https:\/\/bilive.ma\/index.php\/wp-json\/wp\/v2\/comments?post=3824"}],"version-history":[{"count":1,"href":"https:\/\/bilive.ma\/index.php\/wp-json\/wp\/v2\/product\/3824\/revisions"}],"predecessor-version":[{"id":3835,"href":"https:\/\/bilive.ma\/index.php\/wp-json\/wp\/v2\/product\/3824\/revisions\/3835"}],"wp:featuredmedia":[{"embeddable":true,"href":"https:\/\/bilive.ma\/index.php\/wp-json\/wp\/v2\/media\/3834"}],"wp:attachment":[{"href":"https:\/\/bilive.ma\/index.php\/wp-json\/wp\/v2\/media?parent=3824"}],"wp:term":[{"taxonomy":"product_brand","embeddable":true,"href":"https:\/\/bilive.ma\/index.php\/wp-json\/wp\/v2\/product_brand?post=3824"},{"taxonomy":"product_cat","embeddable":true,"href":"https:\/\/bilive.ma\/index.php\/wp-json\/wp\/v2\/product_cat?post=3824"},{"taxonomy":"product_tag","embeddable":true,"href":"https:\/\/bilive.ma\/index.php\/wp-json\/wp\/v2\/product_tag?post=3824"}],"curies":[{"name":"wp","href":"https:\/\/api.w.org\/{rel}","templated":true}]}}