{"id":3833,"date":"2025-11-14T11:15:16","date_gmt":"2025-11-14T10:15:16","guid":{"rendered":"https:\/\/bilive.ma\/?post_type=product&#038;p=3833"},"modified":"2026-02-10T11:55:12","modified_gmt":"2026-02-10T10:55:12","slug":"pommade-cheveux-dalopecie","status":"publish","type":"product","link":"https:\/\/bilive.ma\/index.php\/product\/pommade-cheveux-dalopecie\/","title":{"rendered":"Pommade Cheveux d\u2019Alop\u00e9cie"},"content":{"rendered":"<p style=\"text-align: justify;\">-Fabrication artisanal!<br \/>\n-100% d\u2019ingr\u00e9dients d\u2019origine naturelle<br \/>\n-Sans produits chimiques<br \/>\n-Produit 100% naturel<br \/>\n-Cela n\u2019a pas d\u2019effets secondaires<br \/>\n-Il ne provoque aucune inflammation ou sensibilit\u00e9 sur la peau<\/p>\n<p style=\"text-align: justify;\">Les causes de l\u2019alop\u00e9cie chez l\u2019homme et la femme sont multiples. Les facteurs g\u00e9n\u00e9tiques, le stress, le vieillissement, la fatigue, l\u2019alimentation et le d\u00e9s\u00e9quilibre hormonal peuvent tous \u00eatre responsables de cette alop\u00e9cie.\u00a0<strong>Belar\u00f4me\u00a0<\/strong>vous propose une pommade efficace pour venir \u00e0 bout de l\u2019alop\u00e9cie chronique de vos cheveux, renforcer et stimuler la pousse des cheveux fragilis\u00e9s et ab\u00eem\u00e9s, pr\u00e9venir les pointes fourchues et fourchues, nourrir le cuir chevelu et stopper la repousse de la chute des cheveux<\/p>\n","protected":false},"excerpt":{"rendered":"<p>Pommade naturelle contre l\u2019alop\u00e9cie, flacon en verre avec pompe Disponible dans une capacit\u00e9 de 30 ml et est un m\u00e9lange.<br \/>\nEn raison de sa formule efficace qui favorise la pousse des cheveux d\u00e8s la troisi\u00e8me semaine d\u2019utilisation. Il est tr\u00e8s efficace pour la pousse des cheveux, l\u2019alop\u00e9cie et la calvitie.<\/p>\n","protected":false},"featured_media":3852,"comment_status":"open","ping_status":"closed","template":"","meta":[],"product_brand":[],"product_cat":[85,99],"product_tag":[],"class_list":{"0":"post-3833","1":"product","2":"type-product","3":"status-publish","4":"has-post-thumbnail","6":"product_cat-cosmetiques","7":"product_cat-soins-cheveux","9":"first","10":"instock","11":"shipping-taxable","12":"purchasable","13":"product-type-simple"},"_links":{"self":[{"href":"https:\/\/bilive.ma\/index.php\/wp-json\/wp\/v2\/product\/3833","targetHints":{"allow":["GET"]}}],"collection":[{"href":"https:\/\/bilive.ma\/index.php\/wp-json\/wp\/v2\/product"}],"about":[{"href":"https:\/\/bilive.ma\/index.php\/wp-json\/wp\/v2\/types\/product"}],"replies":[{"embeddable":true,"href":"https:\/\/bilive.ma\/index.php\/wp-json\/wp\/v2\/comments?post=3833"}],"version-history":[{"count":1,"href":"https:\/\/bilive.ma\/index.php\/wp-json\/wp\/v2\/product\/3833\/revisions"}],"predecessor-version":[{"id":3853,"href":"https:\/\/bilive.ma\/index.php\/wp-json\/wp\/v2\/product\/3833\/revisions\/3853"}],"wp:featuredmedia":[{"embeddable":true,"href":"https:\/\/bilive.ma\/index.php\/wp-json\/wp\/v2\/media\/3852"}],"wp:attachment":[{"href":"https:\/\/bilive.ma\/index.php\/wp-json\/wp\/v2\/media?parent=3833"}],"wp:term":[{"taxonomy":"product_brand","embeddable":true,"href":"https:\/\/bilive.ma\/index.php\/wp-json\/wp\/v2\/product_brand?post=3833"},{"taxonomy":"product_cat","embeddable":true,"href":"https:\/\/bilive.ma\/index.php\/wp-json\/wp\/v2\/product_cat?post=3833"},{"taxonomy":"product_tag","embeddable":true,"href":"https:\/\/bilive.ma\/index.php\/wp-json\/wp\/v2\/product_tag?post=3833"}],"curies":[{"name":"wp","href":"https:\/\/api.w.org\/{rel}","templated":true}]}}