{"id":4158,"date":"2025-11-17T20:11:30","date_gmt":"2025-11-17T19:11:30","guid":{"rendered":"https:\/\/bilive.ma\/?post_type=product&#038;p=4158"},"modified":"2026-02-14T11:28:58","modified_gmt":"2026-02-14T10:28:58","slug":"karelea-fines-gaufres-sans-sucres-140g","status":"publish","type":"product","link":"https:\/\/bilive.ma\/index.php\/product\/karelea-fines-gaufres-sans-sucres-140g\/","title":{"rendered":"Kar\u00e9l\u00e9a Fines Gaufres sans Sucres 140G"},"content":{"rendered":"<p style=\"text-align: justify;\">Offrez-vous sans culpabilit\u00e9 cette d\u00e9licieuse sp\u00e9cialit\u00e9 du Nord de la France ! Aussi croquantes et savoureuses que dans vos souvenirs, les fines gaufres Kar\u00e9l\u00e9a ne contiennent pas d\u2019huile de palme. Riches en fibres et plus l\u00e9g\u00e8res que la version traditionnelle gr\u00e2ce \u00e0 l&#8217;absence de sucres ajout\u00e9s, elles sont id\u00e9ales pour une pause gourmande. Accompagnez-les d&#8217;une poign\u00e9e de fruits rouges et d&#8217;un th\u00e9 pour un moment \u00e9quilibr\u00e9 et savoureux.<\/p>\n<p style=\"text-align: justify;\"><strong>Conseils d\u2019utilisation :<\/strong><\/p>\n<p style=\"text-align: justify;\">Pour une pause gourmande id\u00e9ale :<\/p>\n<ul style=\"text-align: justify;\">\n<li>1 sachet de fines gaufres Kar\u00e9l\u00e9a<\/li>\n<li>1 poign\u00e9e de fruits rouges<\/li>\n<li>1 th\u00e9 ou 1 caf\u00e9 non sucr\u00e9<\/li>\n<\/ul>\n<p style=\"text-align: justify;\"><strong>Ingr\u00e9dients :<\/strong><\/p>\n<p style=\"text-align: justify;\">Farine de bl\u00e9, \u00e9dulcorant (maltitol), huile de colza, \u0153ufs, inuline, sel, ar\u00f4me naturel, ar\u00f4me naturel de beurre (avec autres ar\u00f4mes naturels issus du lait), \u00e9mulsifiant (l\u00e9cithines de soja).<\/p>\n","protected":false},"excerpt":{"rendered":"<p style=\"text-align: justify;\">Offrez-vous sans culpabilit\u00e9 cette d\u00e9licieuse sp\u00e9cialit\u00e9 du Nord de la France ! Aussi croquantes et savoureuses que dans vos souvenirs, les fines gaufres Kar\u00e9l\u00e9a ne contiennent pas d\u2019huile de palme.<\/p>\n","protected":false},"featured_media":4472,"comment_status":"open","ping_status":"closed","template":"","meta":[],"product_brand":[],"product_cat":[75,78],"product_tag":[],"class_list":{"0":"post-4158","1":"product","2":"type-product","3":"status-publish","4":"has-post-thumbnail","6":"product_cat-regimes-speciaux","7":"product_cat-sans-sucre","9":"first","10":"instock","11":"shipping-taxable","12":"purchasable","13":"product-type-simple"},"_links":{"self":[{"href":"https:\/\/bilive.ma\/index.php\/wp-json\/wp\/v2\/product\/4158","targetHints":{"allow":["GET"]}}],"collection":[{"href":"https:\/\/bilive.ma\/index.php\/wp-json\/wp\/v2\/product"}],"about":[{"href":"https:\/\/bilive.ma\/index.php\/wp-json\/wp\/v2\/types\/product"}],"replies":[{"embeddable":true,"href":"https:\/\/bilive.ma\/index.php\/wp-json\/wp\/v2\/comments?post=4158"}],"version-history":[{"count":2,"href":"https:\/\/bilive.ma\/index.php\/wp-json\/wp\/v2\/product\/4158\/revisions"}],"predecessor-version":[{"id":4906,"href":"https:\/\/bilive.ma\/index.php\/wp-json\/wp\/v2\/product\/4158\/revisions\/4906"}],"wp:featuredmedia":[{"embeddable":true,"href":"https:\/\/bilive.ma\/index.php\/wp-json\/wp\/v2\/media\/4472"}],"wp:attachment":[{"href":"https:\/\/bilive.ma\/index.php\/wp-json\/wp\/v2\/media?parent=4158"}],"wp:term":[{"taxonomy":"product_brand","embeddable":true,"href":"https:\/\/bilive.ma\/index.php\/wp-json\/wp\/v2\/product_brand?post=4158"},{"taxonomy":"product_cat","embeddable":true,"href":"https:\/\/bilive.ma\/index.php\/wp-json\/wp\/v2\/product_cat?post=4158"},{"taxonomy":"product_tag","embeddable":true,"href":"https:\/\/bilive.ma\/index.php\/wp-json\/wp\/v2\/product_tag?post=4158"}],"curies":[{"name":"wp","href":"https:\/\/api.w.org\/{rel}","templated":true}]}}