{"id":4508,"date":"2026-01-04T22:32:55","date_gmt":"2026-01-04T21:32:55","guid":{"rendered":"https:\/\/bilive.ma\/?post_type=product&#038;p=4508"},"modified":"2026-02-14T11:40:10","modified_gmt":"2026-02-14T10:40:10","slug":"eau-de-rose-distillee-biolive","status":"publish","type":"product","link":"https:\/\/bilive.ma\/index.php\/product\/eau-de-rose-distillee-biolive\/","title":{"rendered":"Eau de Rose Distill\u00e9e \u2013 Biolive"},"content":{"rendered":"<p style=\"text-align: justify;\" data-start=\"161\" data-end=\"470\">\u00a0<strong>\u0645\u0642\u0637\u0631 \u0645\u0627\u0621 \u0627\u0644\u0648\u0631\u062f \u0627\u0644\u0637\u0628\u064a\u0639\u064a<\/strong><br \/>\nL\u2019<strong data-start=\"163\" data-end=\"196\">Eau de Rose Distill\u00e9e Biolive<\/strong> est un soin naturel reconnu pour ses propri\u00e9t\u00e9s apaisantes, rafra\u00eechissantes et tonifiantes. Obtenue par distillation de p\u00e9tales de rose soigneusement s\u00e9lectionn\u00e9s, elle respecte l\u2019\u00e9quilibre naturel de la peau et convient \u00e0 tous les types de peaux, m\u00eame les plus sensibles.<\/p>\n<p style=\"text-align: justify;\" data-start=\"472\" data-end=\"737\">Utilis\u00e9e quotidiennement, elle aide \u00e0 <strong data-start=\"510\" data-end=\"522\">hydrater<\/strong>, <strong data-start=\"524\" data-end=\"538\">rafra\u00eechir<\/strong> et <strong data-start=\"542\" data-end=\"561\">adoucir la peau<\/strong>, tout en apportant une agr\u00e9able sensation de bien-\u00eatre. Elle est id\u00e9ale comme lotion tonique pour le visage, brume rafra\u00eechissante ou ingr\u00e9dient naturel pour les soins maison.<\/p>\n<h4 style=\"text-align: justify;\" data-start=\"739\" data-end=\"755\">Bienfaits :<\/h4>\n<ul style=\"text-align: justify;\" data-start=\"756\" data-end=\"908\">\n<li data-start=\"756\" data-end=\"794\">\n<p data-start=\"758\" data-end=\"794\">Apaise les irritations et rougeurs<\/p>\n<\/li>\n<li data-start=\"795\" data-end=\"828\">\n<p data-start=\"797\" data-end=\"828\">Rafra\u00eechit et tonifie la peau<\/p>\n<\/li>\n<li data-start=\"829\" data-end=\"873\">\n<p data-start=\"831\" data-end=\"873\">Aide \u00e0 maintenir l\u2019hydratation naturelle<\/p>\n<\/li>\n<li data-start=\"874\" data-end=\"908\">\n<p data-start=\"876\" data-end=\"908\">Convient \u00e0 tous types de peaux<\/p>\n<\/li>\n<\/ul>\n<h4 style=\"text-align: justify;\" data-start=\"910\" data-end=\"928\">Utilisation :<\/h4>\n<p style=\"text-align: justify;\" data-start=\"929\" data-end=\"1036\">Appliquer \u00e0 l\u2019aide d\u2019un coton ou vaporiser directement sur le visage propre. Peut s\u2019utiliser matin et soir.<\/p>\n<h4 style=\"text-align: justify;\" data-start=\"1038\" data-end=\"1061\">Caract\u00e9ristiques :<\/h4>\n<ul style=\"text-align: justify;\" data-start=\"1062\" data-end=\"1217\">\n<li data-start=\"1062\" data-end=\"1086\">\n<p data-start=\"1064\" data-end=\"1086\">Marque : <strong data-start=\"1073\" data-end=\"1084\">Biolive<\/strong><\/p>\n<\/li>\n<li data-start=\"1087\" data-end=\"1122\">\n<p data-start=\"1089\" data-end=\"1122\">Produit : Eau de rose distill\u00e9e<\/p>\n<\/li>\n<li data-start=\"1123\" data-end=\"1150\">\n<p data-start=\"1125\" data-end=\"1150\">Contenance : <strong data-start=\"1138\" data-end=\"1148\">250 ml<\/strong><\/p>\n<\/li>\n<li data-start=\"1151\" data-end=\"1187\">\n<p data-start=\"1153\" data-end=\"1187\">Origine : Distillation naturelle<\/p>\n<\/li>\n<li data-start=\"1188\" data-end=\"1217\">\n<p data-start=\"1190\" data-end=\"1217\">Sans additifs artificiels<\/p>\n<\/li>\n<\/ul>\n<p style=\"text-align: justify;\" data-start=\"1219\" data-end=\"1289\">Un indispensable naturel pour une routine beaut\u00e9 simple et efficace \ud83c\udf39<\/p>\n","protected":false},"excerpt":{"rendered":"<p style=\"text-align: justify;\" data-start=\"161\" data-end=\"470\">\u00a0<strong>\u0645\u0642\u0637\u0631 \u0645\u0627\u0621 \u0627\u0644\u0648\u0631\u062f \u0627\u0644\u0637\u0628\u064a\u0639\u064a<\/strong><br \/>\nL\u2019<strong data-start=\"163\" data-end=\"196\">Eau de Rose Distill\u00e9e Biolive<\/strong> est un soin naturel reconnu pour ses propri\u00e9t\u00e9s apaisantes, rafra\u00eechissantes et tonifiantes. Obtenue par distillation de p\u00e9tales de rose soigneusement s\u00e9lectionn\u00e9s, elle respecte l\u2019\u00e9quilibre naturel de la peau et convient \u00e0 tous les types de peaux, m\u00eame les plus sensibles.<\/p>\n<p style=\"text-align: justify;\" data-start=\"472\" data-end=\"737\">Utilis\u00e9e quotidiennement, elle aide \u00e0 <strong data-start=\"510\" data-end=\"522\">hydrater<\/strong>, <strong data-start=\"524\" data-end=\"538\">rafra\u00eechir<\/strong> et <strong data-start=\"542\" data-end=\"561\">adoucir la peau<\/strong>, tout en apportant une agr\u00e9able sensation de bien-\u00eatre. Elle est id\u00e9ale comme lotion tonique pour le visage, brume rafra\u00eechissante ou ingr\u00e9dient naturel pour les soins maison.<\/p>\n","protected":false},"featured_media":4512,"comment_status":"open","ping_status":"closed","template":"","meta":[],"product_brand":[],"product_cat":[85,110,105],"product_tag":[],"class_list":{"0":"post-4508","1":"product","2":"type-product","3":"status-publish","4":"has-post-thumbnail","6":"product_cat-cosmetiques","7":"product_cat-hydrolats-alimentaires","8":"product_cat-produits-du-terroir","10":"first","11":"instock","12":"shipping-taxable","13":"purchasable","14":"product-type-simple"},"_links":{"self":[{"href":"https:\/\/bilive.ma\/index.php\/wp-json\/wp\/v2\/product\/4508","targetHints":{"allow":["GET"]}}],"collection":[{"href":"https:\/\/bilive.ma\/index.php\/wp-json\/wp\/v2\/product"}],"about":[{"href":"https:\/\/bilive.ma\/index.php\/wp-json\/wp\/v2\/types\/product"}],"replies":[{"embeddable":true,"href":"https:\/\/bilive.ma\/index.php\/wp-json\/wp\/v2\/comments?post=4508"}],"version-history":[{"count":3,"href":"https:\/\/bilive.ma\/index.php\/wp-json\/wp\/v2\/product\/4508\/revisions"}],"predecessor-version":[{"id":4895,"href":"https:\/\/bilive.ma\/index.php\/wp-json\/wp\/v2\/product\/4508\/revisions\/4895"}],"wp:featuredmedia":[{"embeddable":true,"href":"https:\/\/bilive.ma\/index.php\/wp-json\/wp\/v2\/media\/4512"}],"wp:attachment":[{"href":"https:\/\/bilive.ma\/index.php\/wp-json\/wp\/v2\/media?parent=4508"}],"wp:term":[{"taxonomy":"product_brand","embeddable":true,"href":"https:\/\/bilive.ma\/index.php\/wp-json\/wp\/v2\/product_brand?post=4508"},{"taxonomy":"product_cat","embeddable":true,"href":"https:\/\/bilive.ma\/index.php\/wp-json\/wp\/v2\/product_cat?post=4508"},{"taxonomy":"product_tag","embeddable":true,"href":"https:\/\/bilive.ma\/index.php\/wp-json\/wp\/v2\/product_tag?post=4508"}],"curies":[{"name":"wp","href":"https:\/\/api.w.org\/{rel}","templated":true}]}}