{"id":5097,"date":"2026-02-11T10:32:39","date_gmt":"2026-02-11T09:32:39","guid":{"rendered":"https:\/\/bilive.ma\/?post_type=product&#038;p=5097"},"modified":"2026-02-14T11:07:13","modified_gmt":"2026-02-14T10:07:13","slug":"huile-dolive-extra-vierge-bio-fabriquee-par-bilivre","status":"publish","type":"product","link":"https:\/\/bilive.ma\/index.php\/product\/huile-dolive-extra-vierge-bio-fabriquee-par-bilivre\/","title":{"rendered":"Huile d\u2019Olive Extra Vierge Bio\u2013 Fabriqu\u00e9e par Bilivre"},"content":{"rendered":"<p style=\"text-align: justify;\" data-start=\"154\" data-end=\"351\">D\u00e9couvrez l\u2019excellence de l\u2019huile d\u2019olive extra vierge Bilivre, issue d\u2019olives soigneusement s\u00e9lectionn\u00e9es et press\u00e9es \u00e0 froid afin de pr\u00e9server toutes leurs qualit\u00e9s nutritionnelles et gustatives.<\/p>\n<p style=\"text-align: justify;\" data-start=\"353\" data-end=\"575\">Riche en antioxydants naturels, en vitamine E et en min\u00e9raux essentiels, cette huile d\u2019olive contribue \u00e0 prot\u00e9ger les cellules contre les radicaux libres et s\u2019int\u00e8gre parfaitement dans une alimentation saine et \u00e9quilibr\u00e9e.<\/p>\n<p style=\"text-align: justify;\" data-start=\"577\" data-end=\"792\">Conditionn\u00e9e en <strong data-start=\"593\" data-end=\"631\">bouteille en verre fonc\u00e9 de 500 ml<\/strong>\u00a0&amp; <strong data-start=\"593\" data-end=\"631\">1L <\/strong>elle prot\u00e8ge l\u2019huile contre la lumi\u00e8re et la chaleur, garantissant ainsi une meilleure conservation des ar\u00f4mes, de la fra\u00eecheur et des bienfaits nutritionnels.<\/p>\n<h4 style=\"text-align: justify;\" data-start=\"794\" data-end=\"819\">\u2714 Caract\u00e9ristiques :<\/h4>\n<ul style=\"text-align: justify;\" data-start=\"820\" data-end=\"1024\">\n<li data-start=\"820\" data-end=\"856\">\n<p data-start=\"822\" data-end=\"856\">100 % huile d\u2019olive extra vierge<\/p>\n<\/li>\n<li data-start=\"857\" data-end=\"879\">\n<p data-start=\"859\" data-end=\"879\">Qualit\u00e9 sup\u00e9rieure<\/p>\n<\/li>\n<li data-start=\"880\" data-end=\"905\">\n<p data-start=\"882\" data-end=\"905\">Riche en antioxydants<\/p>\n<\/li>\n<li data-start=\"906\" data-end=\"948\">\n<p data-start=\"908\" data-end=\"948\"><strong data-start=\"908\" data-end=\"946\">Conditionn\u00e9e en bouteille en verre<\/strong><\/p>\n<\/li>\n<li data-start=\"949\" data-end=\"966\">\n<p data-start=\"951\" data-end=\"966\">Format 500 ml<\/p>\n<\/li>\n<li data-start=\"949\" data-end=\"966\">Format 1 L<\/li>\n<li data-start=\"967\" data-end=\"1024\">\n<p data-start=\"969\" data-end=\"1024\">Id\u00e9ale pour salades, assaisonnements et cuisson douce<\/p>\n<\/li>\n<\/ul>\n<p style=\"text-align: justify;\" data-start=\"1026\" data-end=\"1124\">Ajoutez une touche d\u2019authenticit\u00e9 et de saveur naturelle \u00e0 vos plats avec l\u2019huile d\u2019olive Bilivre.<\/p>\n","protected":false},"excerpt":{"rendered":"<p style=\"text-align: justify;\">L\u2019huile d\u2019olive,\u00a0 en bouteille en verre, renferme des antioxydants et diff\u00e9rents min\u00e9raux. Sa consommation apporte une bonne dose de calcium et de magn\u00e9sium. Gr\u00e2ce \u00e0 sa teneur en vitamine E, l\u2019huile d\u2019olive renforce les d\u00e9fenses de l\u2019organisme et prot\u00e8ge les cellules contre les radicaux libres.<\/p>\n","protected":false},"featured_media":5106,"comment_status":"open","ping_status":"closed","template":"","meta":[],"product_brand":[],"product_cat":[80,105],"product_tag":[],"class_list":{"0":"post-5097","1":"product","2":"type-product","3":"status-publish","4":"has-post-thumbnail","6":"product_cat-huiles-et-olive","7":"product_cat-produits-du-terroir","8":"pa_capacite-65","9":"pa_capacite-500-ml","11":"first","12":"instock","13":"shipping-taxable","14":"purchasable","15":"product-type-variable","16":"wvs-archive-product-wrapper"},"_links":{"self":[{"href":"https:\/\/bilive.ma\/index.php\/wp-json\/wp\/v2\/product\/5097","targetHints":{"allow":["GET"]}}],"collection":[{"href":"https:\/\/bilive.ma\/index.php\/wp-json\/wp\/v2\/product"}],"about":[{"href":"https:\/\/bilive.ma\/index.php\/wp-json\/wp\/v2\/types\/product"}],"replies":[{"embeddable":true,"href":"https:\/\/bilive.ma\/index.php\/wp-json\/wp\/v2\/comments?post=5097"}],"version-history":[{"count":3,"href":"https:\/\/bilive.ma\/index.php\/wp-json\/wp\/v2\/product\/5097\/revisions"}],"predecessor-version":[{"id":5104,"href":"https:\/\/bilive.ma\/index.php\/wp-json\/wp\/v2\/product\/5097\/revisions\/5104"}],"wp:featuredmedia":[{"embeddable":true,"href":"https:\/\/bilive.ma\/index.php\/wp-json\/wp\/v2\/media\/5106"}],"wp:attachment":[{"href":"https:\/\/bilive.ma\/index.php\/wp-json\/wp\/v2\/media?parent=5097"}],"wp:term":[{"taxonomy":"product_brand","embeddable":true,"href":"https:\/\/bilive.ma\/index.php\/wp-json\/wp\/v2\/product_brand?post=5097"},{"taxonomy":"product_cat","embeddable":true,"href":"https:\/\/bilive.ma\/index.php\/wp-json\/wp\/v2\/product_cat?post=5097"},{"taxonomy":"product_tag","embeddable":true,"href":"https:\/\/bilive.ma\/index.php\/wp-json\/wp\/v2\/product_tag?post=5097"}],"curies":[{"name":"wp","href":"https:\/\/api.w.org\/{rel}","templated":true}]}}