{"id":5136,"date":"2026-02-11T12:09:24","date_gmt":"2026-02-11T11:09:24","guid":{"rendered":"https:\/\/bilive.ma\/?post_type=product&#038;p=5136"},"modified":"2026-02-14T10:50:16","modified_gmt":"2026-02-14T09:50:16","slug":"sel-naturel","status":"publish","type":"product","link":"https:\/\/bilive.ma\/index.php\/product\/sel-naturel\/","title":{"rendered":"Sel Naturel \u0645\u0644\u062d\u0629 \u062d\u064a\u0629"},"content":{"rendered":"<p data-start=\"94\" data-end=\"331\">D\u00e9couvrez la puret\u00e9 et l\u2019authenticit\u00e9 de notre <strong data-start=\"141\" data-end=\"156\">sel naturel<\/strong>, un indispensable pour sublimer toutes vos pr\u00e9parations culinaires. Non raffin\u00e9 et soigneusement s\u00e9lectionn\u00e9, il conserve ses min\u00e9raux essentiels pour une saveur authentique.<\/p>\n<h3 data-start=\"333\" data-end=\"354\"><span style=\"font-size: 12pt;\">100% Naturel<\/span><\/h3>\n<p data-start=\"355\" data-end=\"428\">Sans additifs, sans agents anti-agglom\u00e9rants et sans traitement chimique.<\/p>\n<h3 data-start=\"430\" data-end=\"460\"><span style=\"font-size: 12pt;\">Go\u00fbt pur et \u00e9quilibr\u00e9<\/span><\/h3>\n<p data-start=\"461\" data-end=\"473\">Id\u00e9al pour :<\/p>\n<ul data-start=\"474\" data-end=\"635\">\n<li data-start=\"474\" data-end=\"518\">\n<p data-start=\"476\" data-end=\"518\">Assaisonner viandes, poissons et l\u00e9gumes<\/p>\n<\/li>\n<li data-start=\"519\" data-end=\"553\">\n<p data-start=\"521\" data-end=\"553\">Rehausser vos sauces et soupes<\/p>\n<\/li>\n<li data-start=\"554\" data-end=\"596\">\n<p data-start=\"556\" data-end=\"596\">Apporter une touche finale \u00e0 vos plats<\/p>\n<\/li>\n<li data-start=\"597\" data-end=\"635\">\n<p data-start=\"599\" data-end=\"635\">Utilisation quotidienne en cuisine<\/p>\n<\/li>\n<\/ul>\n<h3 data-start=\"637\" data-end=\"668\"><span style=\"font-size: 12pt;\">\u00a0Qualit\u00e9 &amp; Authenticit\u00e9<\/span><\/h3>\n<p data-start=\"669\" data-end=\"779\">Sa texture et sa richesse naturelle en min\u00e9raux en font un alli\u00e9 parfait pour une cuisine saine et savoureuse.<\/p>\n<h3 data-start=\"781\" data-end=\"805\"><span style=\"font-size: 12pt;\">Format pratique<\/span><\/h3>\n<p data-start=\"806\" data-end=\"897\">Conditionn\u00e9 en pot herm\u00e9tique de <strong data-start=\"839\" data-end=\"847\">350g<\/strong> pour pr\u00e9server sa fra\u00eecheur et \u00e9viter l\u2019humidit\u00e9.<\/p>\n","protected":false},"excerpt":{"rendered":"<p>D\u00e9couvrez la puret\u00e9 et l\u2019authenticit\u00e9 de notre <strong data-start=\"141\" data-end=\"156\">sel naturel<\/strong>, un indispensable pour sublimer toutes vos pr\u00e9parations culinaires. Non raffin\u00e9 et soigneusement s\u00e9lectionn\u00e9, il conserve ses min\u00e9raux essentiels pour une saveur authentique.<\/p>\n","protected":false},"featured_media":5137,"comment_status":"open","ping_status":"closed","template":"","meta":[],"product_brand":[],"product_cat":[82,105],"product_tag":[],"class_list":{"0":"post-5136","1":"product","2":"type-product","3":"status-publish","4":"has-post-thumbnail","6":"product_cat-epices-plantes-et-grains","7":"product_cat-produits-du-terroir","9":"first","10":"instock","11":"shipping-taxable","12":"purchasable","13":"product-type-simple"},"_links":{"self":[{"href":"https:\/\/bilive.ma\/index.php\/wp-json\/wp\/v2\/product\/5136","targetHints":{"allow":["GET"]}}],"collection":[{"href":"https:\/\/bilive.ma\/index.php\/wp-json\/wp\/v2\/product"}],"about":[{"href":"https:\/\/bilive.ma\/index.php\/wp-json\/wp\/v2\/types\/product"}],"replies":[{"embeddable":true,"href":"https:\/\/bilive.ma\/index.php\/wp-json\/wp\/v2\/comments?post=5136"}],"version-history":[{"count":4,"href":"https:\/\/bilive.ma\/index.php\/wp-json\/wp\/v2\/product\/5136\/revisions"}],"predecessor-version":[{"id":5161,"href":"https:\/\/bilive.ma\/index.php\/wp-json\/wp\/v2\/product\/5136\/revisions\/5161"}],"wp:featuredmedia":[{"embeddable":true,"href":"https:\/\/bilive.ma\/index.php\/wp-json\/wp\/v2\/media\/5137"}],"wp:attachment":[{"href":"https:\/\/bilive.ma\/index.php\/wp-json\/wp\/v2\/media?parent=5136"}],"wp:term":[{"taxonomy":"product_brand","embeddable":true,"href":"https:\/\/bilive.ma\/index.php\/wp-json\/wp\/v2\/product_brand?post=5136"},{"taxonomy":"product_cat","embeddable":true,"href":"https:\/\/bilive.ma\/index.php\/wp-json\/wp\/v2\/product_cat?post=5136"},{"taxonomy":"product_tag","embeddable":true,"href":"https:\/\/bilive.ma\/index.php\/wp-json\/wp\/v2\/product_tag?post=5136"}],"curies":[{"name":"wp","href":"https:\/\/api.w.org\/{rel}","templated":true}]}}