{"id":5255,"date":"2026-03-25T10:24:08","date_gmt":"2026-03-25T09:24:08","guid":{"rendered":"https:\/\/bilive.ma\/?post_type=product&#038;p=5255"},"modified":"2026-04-06T14:53:31","modified_gmt":"2026-04-06T12:53:31","slug":"amlou-au-cajou-bio-pate-gourmande-naturelle","status":"publish","type":"product","link":"https:\/\/bilive.ma\/index.php\/product\/amlou-au-cajou-bio-pate-gourmande-naturelle\/","title":{"rendered":"Amlou au Cajou \u2013 P\u00e2te Gourmande Naturelle"},"content":{"rendered":"<p style=\"text-align: justify;\" data-start=\"255\" data-end=\"497\">D\u00e9couvrez une d\u00e9licieuse alternative \u00e0 l\u2019amlou traditionnel avec cet <strong data-start=\"324\" data-end=\"346\">Amlou au cajou <\/strong>sign\u00e9 <span class=\"hover:entity-accent entity-underline inline cursor-pointer align-baseline\"><span class=\"whitespace-normal\">Bilive<\/span><\/span>. Une recette onctueuse et savoureuse, \u00e9labor\u00e9e \u00e0 partir d\u2019ingr\u00e9dients naturels soigneusement s\u00e9lectionn\u00e9s.<\/p>\n<p style=\"text-align: justify;\" data-start=\"499\" data-end=\"537\">\u2728 <strong data-start=\"501\" data-end=\"535\">Caract\u00e9ristiques principales :<\/strong><\/p>\n<ul style=\"text-align: justify;\" data-start=\"538\" data-end=\"808\">\n<li data-section-id=\"1anfdyi\" data-start=\"538\" data-end=\"593\">\ud83c\udf3f 100% naturel<\/li>\n<li data-section-id=\"1fvpnqq\" data-start=\"594\" data-end=\"641\">\ud83e\udd5c \u00c0 base de noix de cajou finement broy\u00e9es<\/li>\n<li data-section-id=\"1xxanh6\" data-start=\"642\" data-end=\"717\">\ud83c\udf6f M\u00e9lang\u00e9 avec du miel et une touche d\u2019huile argan pour une texture cr\u00e9meuse<\/li>\n<li data-section-id=\"r4xnco\" data-start=\"718\" data-end=\"754\">\u274c Sans additifs ni conservateurs<\/li>\n<li data-section-id=\"j1p0s4\" data-start=\"755\" data-end=\"808\">\ud83c\uddf2\ud83c\udde6 Inspir\u00e9 du savoir-faire marocain authentique<\/li>\n<\/ul>\n<p style=\"text-align: justify;\" data-start=\"810\" data-end=\"831\">\ud83d\ude0b <strong data-start=\"813\" data-end=\"829\">Id\u00e9al pour :<\/strong><\/p>\n<ul style=\"text-align: justify;\" data-start=\"832\" data-end=\"972\">\n<li data-section-id=\"13xmhf\" data-start=\"832\" data-end=\"876\">Tartiner sur du pain, cr\u00eapes ou pancakes<\/li>\n<li data-section-id=\"1nxdwnc\" data-start=\"877\" data-end=\"924\">Accompagner vos petits-d\u00e9jeuners ou go\u00fbters<\/li>\n<li data-section-id=\"12z4cqb\" data-start=\"925\" data-end=\"972\">Ajouter une touche gourmande \u00e0 vos desserts<\/li>\n<\/ul>\n<p style=\"text-align: justify;\" data-start=\"974\" data-end=\"1103\">\ud83d\udce6 <strong data-start=\"977\" data-end=\"1007\">Conseils de conservation :<\/strong><br data-start=\"1007\" data-end=\"1010\" \/>Conserver dans un endroit frais et sec. M\u00e9langer avant utilisation pour une texture homog\u00e8ne.<\/p>\n","protected":false},"excerpt":{"rendered":"<p style=\"text-align: justify;\">D\u00e9couvrez une d\u00e9licieuse alternative \u00e0 l\u2019amlou traditionnel avec cet <strong data-start=\"324\" data-end=\"346\">Amlou au cajou Bio<\/strong> sign\u00e9 <span class=\"hover:entity-accent entity-underline inline cursor-pointer align-baseline\"><span class=\"whitespace-normal\">Biolive<\/span><\/span>. Une recette onctueuse et savoureuse, \u00e9labor\u00e9e \u00e0 partir d\u2019ingr\u00e9dients naturels soigneusement s\u00e9lectionn\u00e9s.<\/p>\n","protected":false},"featured_media":5256,"comment_status":"open","ping_status":"closed","template":"","meta":[],"product_brand":[],"product_cat":[97,105],"product_tag":[],"class_list":{"0":"post-5255","1":"product","2":"type-product","3":"status-publish","4":"has-post-thumbnail","6":"product_cat-amlou","7":"product_cat-produits-du-terroir","8":"pa_poids-250g","9":"pa_poids-500g","11":"first","12":"instock","13":"shipping-taxable","14":"purchasable","15":"product-type-variable","16":"wvs-archive-product-wrapper"},"_links":{"self":[{"href":"https:\/\/bilive.ma\/index.php\/wp-json\/wp\/v2\/product\/5255","targetHints":{"allow":["GET"]}}],"collection":[{"href":"https:\/\/bilive.ma\/index.php\/wp-json\/wp\/v2\/product"}],"about":[{"href":"https:\/\/bilive.ma\/index.php\/wp-json\/wp\/v2\/types\/product"}],"replies":[{"embeddable":true,"href":"https:\/\/bilive.ma\/index.php\/wp-json\/wp\/v2\/comments?post=5255"}],"version-history":[{"count":5,"href":"https:\/\/bilive.ma\/index.php\/wp-json\/wp\/v2\/product\/5255\/revisions"}],"predecessor-version":[{"id":5764,"href":"https:\/\/bilive.ma\/index.php\/wp-json\/wp\/v2\/product\/5255\/revisions\/5764"}],"wp:featuredmedia":[{"embeddable":true,"href":"https:\/\/bilive.ma\/index.php\/wp-json\/wp\/v2\/media\/5256"}],"wp:attachment":[{"href":"https:\/\/bilive.ma\/index.php\/wp-json\/wp\/v2\/media?parent=5255"}],"wp:term":[{"taxonomy":"product_brand","embeddable":true,"href":"https:\/\/bilive.ma\/index.php\/wp-json\/wp\/v2\/product_brand?post=5255"},{"taxonomy":"product_cat","embeddable":true,"href":"https:\/\/bilive.ma\/index.php\/wp-json\/wp\/v2\/product_cat?post=5255"},{"taxonomy":"product_tag","embeddable":true,"href":"https:\/\/bilive.ma\/index.php\/wp-json\/wp\/v2\/product_tag?post=5255"}],"curies":[{"name":"wp","href":"https:\/\/api.w.org\/{rel}","templated":true}]}}