{"id":5301,"date":"2026-03-25T11:53:11","date_gmt":"2026-03-25T10:53:11","guid":{"rendered":"https:\/\/bilive.ma\/?post_type=product&#038;p=5301"},"modified":"2026-04-06T15:44:09","modified_gmt":"2026-04-06T13:44:09","slug":"grains-de-mais","status":"publish","type":"product","link":"https:\/\/bilive.ma\/index.php\/product\/grains-de-mais\/","title":{"rendered":"Grains de ma\u00efs"},"content":{"rendered":"<p style=\"text-align: justify;\" data-start=\"60\" data-end=\"280\">Savourez nos d\u00e9licieux grains de ma\u00efs grill\u00e9s sal\u00e9s, un snack sain, croustillant et plein de go\u00fbt. Parfaits pour grignoter \u00e0 tout moment de la journ\u00e9e, ils constituent une alternative nutritive aux snacks classiques.<\/p>\n<p data-start=\"282\" data-end=\"528\">\u2714\ufe0f Riche en prot\u00e9ines v\u00e9g\u00e9tales \u2013 Id\u00e9al pour une alimentation \u00e9quilibr\u00e9e<br data-start=\"354\" data-end=\"357\" \/>\u2714\ufe0f Source de fibres \u2013 Favorise la sati\u00e9t\u00e9 et la digestion<br data-start=\"414\" data-end=\"417\" \/>\u2714\ufe0f Snack sain et naturel \u2013 Sans additifs artificiels<br data-start=\"469\" data-end=\"472\" \/>\u2714\ufe0f Texture croquante \u2013 Go\u00fbt savoureux, l\u00e9g\u00e8rement sal\u00e9<\/p>\n<p data-start=\"652\" data-end=\"772\"><strong data-start=\"652\" data-end=\"680\">Conseils d\u2019utilisation :<\/strong><br data-start=\"680\" data-end=\"683\" \/>\u00c0 consommer directement comme snack ou \u00e0 ajouter \u00e0 vos salades pour une touche croquante.<\/p>\n","protected":false},"excerpt":{"rendered":"<p style=\"text-align: justify;\">Savourez nos d\u00e9licieux pois chiches grill\u00e9s sal\u00e9s, un snack sain, croustillant et plein de go\u00fbt. Parfait pour grignoter \u00e0 tout moment de la journ\u00e9e, ils constituent une alternative nutritive aux snacks classiques.<\/p>\n","protected":false},"featured_media":5302,"comment_status":"open","ping_status":"closed","template":"","meta":[],"product_brand":[],"product_cat":[107,105],"product_tag":[],"class_list":{"0":"post-5301","1":"product","2":"type-product","3":"status-publish","4":"has-post-thumbnail","6":"product_cat-fruits-secs","7":"product_cat-produits-du-terroir","9":"first","10":"instock","11":"shipping-taxable","12":"purchasable","13":"product-type-simple"},"_links":{"self":[{"href":"https:\/\/bilive.ma\/index.php\/wp-json\/wp\/v2\/product\/5301","targetHints":{"allow":["GET"]}}],"collection":[{"href":"https:\/\/bilive.ma\/index.php\/wp-json\/wp\/v2\/product"}],"about":[{"href":"https:\/\/bilive.ma\/index.php\/wp-json\/wp\/v2\/types\/product"}],"replies":[{"embeddable":true,"href":"https:\/\/bilive.ma\/index.php\/wp-json\/wp\/v2\/comments?post=5301"}],"version-history":[{"count":4,"href":"https:\/\/bilive.ma\/index.php\/wp-json\/wp\/v2\/product\/5301\/revisions"}],"predecessor-version":[{"id":5778,"href":"https:\/\/bilive.ma\/index.php\/wp-json\/wp\/v2\/product\/5301\/revisions\/5778"}],"wp:featuredmedia":[{"embeddable":true,"href":"https:\/\/bilive.ma\/index.php\/wp-json\/wp\/v2\/media\/5302"}],"wp:attachment":[{"href":"https:\/\/bilive.ma\/index.php\/wp-json\/wp\/v2\/media?parent=5301"}],"wp:term":[{"taxonomy":"product_brand","embeddable":true,"href":"https:\/\/bilive.ma\/index.php\/wp-json\/wp\/v2\/product_brand?post=5301"},{"taxonomy":"product_cat","embeddable":true,"href":"https:\/\/bilive.ma\/index.php\/wp-json\/wp\/v2\/product_cat?post=5301"},{"taxonomy":"product_tag","embeddable":true,"href":"https:\/\/bilive.ma\/index.php\/wp-json\/wp\/v2\/product_tag?post=5301"}],"curies":[{"name":"wp","href":"https:\/\/api.w.org\/{rel}","templated":true}]}}