{"id":5314,"date":"2026-03-25T12:18:40","date_gmt":"2026-03-25T11:18:40","guid":{"rendered":"https:\/\/bilive.ma\/?post_type=product&#038;p=5314"},"modified":"2026-03-28T11:09:50","modified_gmt":"2026-03-28T10:09:50","slug":"poivron-rouge-fume-en-poudre-paprika-fume-naturel","status":"publish","type":"product","link":"https:\/\/bilive.ma\/index.php\/product\/poivron-rouge-fume-en-poudre-paprika-fume-naturel\/","title":{"rendered":"Poivron Rouge Fum\u00e9 en Poudre \u2013 Paprika Fum\u00e9 Naturel"},"content":{"rendered":"<p style=\"text-align: justify;\" data-start=\"465\" data-end=\"718\">D\u00e9couvrez notre <strong data-start=\"481\" data-end=\"518\">poivron rouge fum\u00e9 (paprika fum\u00e9)<\/strong>, une \u00e9pice incontournable pour sublimer vos recettes. S\u00e9lectionn\u00e9s avec soin, les poivrons sont s\u00e9ch\u00e9s puis d\u00e9licatement fum\u00e9s pour offrir un go\u00fbt intense, l\u00e9g\u00e8rement bois\u00e9 et parfaitement \u00e9quilibr\u00e9.<\/p>\n<p style=\"text-align: justify;\" data-start=\"720\" data-end=\"746\">\u2728 <strong data-start=\"722\" data-end=\"744\">Caract\u00e9ristiques :<\/strong><\/p>\n<ul style=\"text-align: justify;\" data-start=\"747\" data-end=\"878\">\n<li data-section-id=\"26pyjt\" data-start=\"747\" data-end=\"763\">100% naturel<\/li>\n<li data-section-id=\"1hb46ar\" data-start=\"764\" data-end=\"792\">Saveur fum\u00e9e authentique<\/li>\n<li data-section-id=\"1f9ls7o\" data-start=\"793\" data-end=\"827\">Sans additifs ni conservateurs<\/li>\n<li data-section-id=\"kharrp\" data-start=\"828\" data-end=\"878\">Conditionn\u00e9 pour pr\u00e9server fra\u00eecheur et ar\u00f4mes<\/li>\n<\/ul>\n<p style=\"text-align: justify;\" data-start=\"880\" data-end=\"920\">\ud83c\udf7d\ufe0f <strong data-start=\"884\" data-end=\"901\">Utilisation :<\/strong><br data-start=\"901\" data-end=\"904\" \/>Parfait pour :<\/p>\n<ul data-start=\"921\" data-end=\"1045\">\n<li style=\"text-align: justify;\" data-section-id=\"1u56ph8\" data-start=\"921\" data-end=\"947\">Marinades et grillades<\/li>\n<li style=\"text-align: justify;\" data-section-id=\"1ts5f6l\" data-start=\"948\" data-end=\"965\">Plats mijot\u00e9s<\/li>\n<li style=\"text-align: justify;\" data-section-id=\"1ej506k\" data-start=\"966\" data-end=\"983\">L\u00e9gumes r\u00f4tis<\/li>\n<li style=\"text-align: justify;\" data-section-id=\"1dlmp1g\" data-start=\"984\" data-end=\"1004\">Sauces et soupes<\/li>\n<li style=\"text-align: justify;\" data-section-id=\"1o9b4ei\" data-start=\"1005\" data-end=\"1045\">Cuisine m\u00e9diterran\u00e9enne et orientale<\/li>\n<\/ul>\n","protected":false},"excerpt":{"rendered":"<p style=\"text-align: justify;\">Apportez une touche authentique et fum\u00e9e \u00e0 vos plats avec notre poivron rouge fum\u00e9 en poudre. Id\u00e9al pour relever viandes, l\u00e9gumes, sauces et grillades avec une saveur riche et chaleureuse.<\/p>\n","protected":false},"featured_media":5315,"comment_status":"open","ping_status":"closed","template":"","meta":[],"product_brand":[],"product_cat":[82,105],"product_tag":[],"class_list":{"0":"post-5314","1":"product","2":"type-product","3":"status-publish","4":"has-post-thumbnail","6":"product_cat-epices-plantes-et-grains","7":"product_cat-produits-du-terroir","9":"first","10":"instock","11":"shipping-taxable","12":"purchasable","13":"product-type-simple"},"_links":{"self":[{"href":"https:\/\/bilive.ma\/index.php\/wp-json\/wp\/v2\/product\/5314","targetHints":{"allow":["GET"]}}],"collection":[{"href":"https:\/\/bilive.ma\/index.php\/wp-json\/wp\/v2\/product"}],"about":[{"href":"https:\/\/bilive.ma\/index.php\/wp-json\/wp\/v2\/types\/product"}],"replies":[{"embeddable":true,"href":"https:\/\/bilive.ma\/index.php\/wp-json\/wp\/v2\/comments?post=5314"}],"version-history":[{"count":2,"href":"https:\/\/bilive.ma\/index.php\/wp-json\/wp\/v2\/product\/5314\/revisions"}],"predecessor-version":[{"id":5514,"href":"https:\/\/bilive.ma\/index.php\/wp-json\/wp\/v2\/product\/5314\/revisions\/5514"}],"wp:featuredmedia":[{"embeddable":true,"href":"https:\/\/bilive.ma\/index.php\/wp-json\/wp\/v2\/media\/5315"}],"wp:attachment":[{"href":"https:\/\/bilive.ma\/index.php\/wp-json\/wp\/v2\/media?parent=5314"}],"wp:term":[{"taxonomy":"product_brand","embeddable":true,"href":"https:\/\/bilive.ma\/index.php\/wp-json\/wp\/v2\/product_brand?post=5314"},{"taxonomy":"product_cat","embeddable":true,"href":"https:\/\/bilive.ma\/index.php\/wp-json\/wp\/v2\/product_cat?post=5314"},{"taxonomy":"product_tag","embeddable":true,"href":"https:\/\/bilive.ma\/index.php\/wp-json\/wp\/v2\/product_tag?post=5314"}],"curies":[{"name":"wp","href":"https:\/\/api.w.org\/{rel}","templated":true}]}}