{"id":5343,"date":"2026-03-25T13:36:32","date_gmt":"2026-03-25T12:36:32","guid":{"rendered":"https:\/\/bilive.ma\/?post_type=product&#038;p=5343"},"modified":"2026-03-28T10:54:35","modified_gmt":"2026-03-28T09:54:35","slug":"khliia-belidam","status":"publish","type":"product","link":"https:\/\/bilive.ma\/index.php\/product\/khliia-belidam\/","title":{"rendered":"Khliia Belidam"},"content":{"rendered":"<p style=\"text-align: justify;\" data-start=\"529\" data-end=\"827\">D\u00e9couvrez le <strong data-start=\"542\" data-end=\"558\">Khlii Belidam<\/strong>, une sp\u00e9cialit\u00e9 embl\u00e9matique de la cuisine marocaine, pr\u00e9par\u00e9e selon un savoir-faire ancestral. Cette viande confite est lentement cuite et conserv\u00e9e dans de la graisse naturelle et de l\u2019huile d\u2019olive, ce qui lui conf\u00e8re une <strong data-start=\"784\" data-end=\"826\">saveur intense et une texture fondante<\/strong>.<\/p>\n<p style=\"text-align: justify;\" data-start=\"829\" data-end=\"971\">Id\u00e9al pour vos plats traditionnels ou vos petits-d\u00e9jeuners marocains, le khlii est un incontournable pour les amateurs de cuisine authentique.<\/p>\n<p style=\"text-align: justify;\" data-start=\"973\" data-end=\"1011\">\u2728 <strong data-start=\"975\" data-end=\"1009\">Caract\u00e9ristiques principales :<\/strong><\/p>\n<ul style=\"text-align: justify;\" data-start=\"1012\" data-end=\"1201\">\n<li data-section-id=\"rl2omt\" data-start=\"1012\" data-end=\"1048\">Recette traditionnelle marocaine<\/li>\n<li data-section-id=\"1wqj3ju\" data-start=\"1049\" data-end=\"1089\">Viande confite de qualit\u00e9 sup\u00e9rieure<\/li>\n<li data-section-id=\"9kceak\" data-start=\"1090\" data-end=\"1133\">Conserv\u00e9e dans graisse et huile d\u2019olive<\/li>\n<li data-section-id=\"js37tg\" data-start=\"1134\" data-end=\"1163\">Go\u00fbt riche et authentique<\/li>\n<li data-section-id=\"1398n9x\" data-start=\"1164\" data-end=\"1201\">Conditionnement en bocal pratique<\/li>\n<\/ul>\n<p style=\"text-align: justify;\" data-start=\"1203\" data-end=\"1225\">\ud83c\udf7d\ufe0f <strong data-start=\"1207\" data-end=\"1223\">Id\u00e9al pour :<\/strong><\/p>\n<ul data-start=\"1226\" data-end=\"1365\">\n<li style=\"text-align: justify;\" data-section-id=\"1ddoxvv\" data-start=\"1226\" data-end=\"1269\">\u0152ufs au khlii (petit-d\u00e9jeuner marocain)<\/li>\n<li style=\"text-align: justify;\" data-section-id=\"b1jvzj\" data-start=\"1270\" data-end=\"1304\">Tajines et plats traditionnels<\/li>\n<li style=\"text-align: justify;\" data-section-id=\"rrrmuk\" data-start=\"1305\" data-end=\"1328\">Sandwichs gourmands<\/li>\n<li style=\"text-align: justify;\" data-section-id=\"1gwdpkc\" data-start=\"1329\" data-end=\"1365\">Ap\u00e9ritifs et recettes revisit\u00e9es<\/li>\n<\/ul>\n","protected":false},"excerpt":{"rendered":"<p style=\"text-align: justify;\">Savourez le v\u00e9ritable <strong data-start=\"351\" data-end=\"375\">Khlii belidam marocain<\/strong>, une viande confite traditionnelle conserv\u00e9e dans de la graisse et de l\u2019huile d\u2019olive, au go\u00fbt riche et authentique.<\/p>\n","protected":false},"featured_media":5344,"comment_status":"open","ping_status":"closed","template":"","meta":[],"product_brand":[],"product_cat":[108,105],"product_tag":[],"class_list":{"0":"post-5343","1":"product","2":"type-product","3":"status-publish","4":"has-post-thumbnail","6":"product_cat-khliaa","7":"product_cat-produits-du-terroir","8":"pa_poids-1kg","9":"pa_poids-500g","11":"first","12":"instock","13":"shipping-taxable","14":"purchasable","15":"product-type-variable","16":"wvs-archive-product-wrapper"},"_links":{"self":[{"href":"https:\/\/bilive.ma\/index.php\/wp-json\/wp\/v2\/product\/5343","targetHints":{"allow":["GET"]}}],"collection":[{"href":"https:\/\/bilive.ma\/index.php\/wp-json\/wp\/v2\/product"}],"about":[{"href":"https:\/\/bilive.ma\/index.php\/wp-json\/wp\/v2\/types\/product"}],"replies":[{"embeddable":true,"href":"https:\/\/bilive.ma\/index.php\/wp-json\/wp\/v2\/comments?post=5343"}],"version-history":[{"count":2,"href":"https:\/\/bilive.ma\/index.php\/wp-json\/wp\/v2\/product\/5343\/revisions"}],"predecessor-version":[{"id":5346,"href":"https:\/\/bilive.ma\/index.php\/wp-json\/wp\/v2\/product\/5343\/revisions\/5346"}],"wp:featuredmedia":[{"embeddable":true,"href":"https:\/\/bilive.ma\/index.php\/wp-json\/wp\/v2\/media\/5344"}],"wp:attachment":[{"href":"https:\/\/bilive.ma\/index.php\/wp-json\/wp\/v2\/media?parent=5343"}],"wp:term":[{"taxonomy":"product_brand","embeddable":true,"href":"https:\/\/bilive.ma\/index.php\/wp-json\/wp\/v2\/product_brand?post=5343"},{"taxonomy":"product_cat","embeddable":true,"href":"https:\/\/bilive.ma\/index.php\/wp-json\/wp\/v2\/product_cat?post=5343"},{"taxonomy":"product_tag","embeddable":true,"href":"https:\/\/bilive.ma\/index.php\/wp-json\/wp\/v2\/product_tag?post=5343"}],"curies":[{"name":"wp","href":"https:\/\/api.w.org\/{rel}","templated":true}]}}