{"id":5396,"date":"2026-03-25T14:55:50","date_gmt":"2026-03-25T13:55:50","guid":{"rendered":"https:\/\/bilive.ma\/?post_type=product&#038;p=5396"},"modified":"2026-03-28T10:32:44","modified_gmt":"2026-03-28T09:32:44","slug":"the-vert-chay-ain-arrag","status":"publish","type":"product","link":"https:\/\/bilive.ma\/index.php\/product\/the-vert-chay-ain-arrag\/","title":{"rendered":"Th\u00e9 vert Chay Ain Arrag"},"content":{"rendered":"<p style=\"text-align: justify;\" data-start=\"202\" data-end=\"450\">D\u00e9couvrez toute l\u2019authenticit\u00e9 du th\u00e9 avec le th\u00e9 vert Chay Ain Arrag, un th\u00e9 de Chine r\u00e9put\u00e9 pour son go\u00fbt d\u00e9licat et rafra\u00eechissant. Id\u00e9al pour accompagner vos moments de d\u00e9tente, ce th\u00e9 offre une infusion l\u00e9g\u00e8re aux ar\u00f4mes subtils et \u00e9quilibr\u00e9s.<\/p>\n<p style=\"text-align: justify;\" data-start=\"452\" data-end=\"589\">Parfait pour une consommation quotidienne, il peut \u00eatre d\u00e9gust\u00e9 nature ou agr\u00e9ment\u00e9 de menthe pour une touche encore plus traditionnelle.<\/p>\n<h4 style=\"text-align: justify;\" data-start=\"591\" data-end=\"620\"><span role=\"text\">\u2705 <strong data-start=\"598\" data-end=\"620\">Caract\u00e9ristiques :<\/strong><\/span><\/h4>\n<ul data-start=\"621\" data-end=\"777\">\n<li style=\"text-align: justify;\" data-section-id=\"13gn088\" data-start=\"621\" data-end=\"658\">\ud83c\udf43 Th\u00e9 vert de qualit\u00e9 sup\u00e9rieure<\/li>\n<li style=\"text-align: justify;\" data-section-id=\"1sb92m1\" data-start=\"659\" data-end=\"681\">\ud83c\udf0f Origine : Chine<\/li>\n<li style=\"text-align: justify;\" data-section-id=\"1qo4l1i\" data-start=\"682\" data-end=\"719\">\u2615 Saveur douce et rafra\u00eechissante<\/li>\n<li style=\"text-align: justify;\" data-section-id=\"1l1nwrm\" data-start=\"720\" data-end=\"743\">\ud83d\udce6 Poids net : 200g<\/li>\n<li style=\"text-align: justify;\" data-section-id=\"1dwamly\" data-start=\"744\" data-end=\"777\">\ud83e\uded6 Id\u00e9al pour th\u00e9 \u00e0 la menthe<\/li>\n<\/ul>\n","protected":false},"excerpt":{"rendered":"<p style=\"text-align: justify;\">D\u00e9couvrez le th\u00e9 vert Chay Ain Arrag, un th\u00e9 de qualit\u00e9 aux ar\u00f4mes d\u00e9licats, id\u00e9al pour accompagner vos moments de d\u00e9tente au quotidien.<\/p>\n","protected":false},"featured_media":5397,"comment_status":"open","ping_status":"closed","template":"","meta":[],"product_brand":[],"product_cat":[111,105],"product_tag":[],"class_list":{"0":"post-5396","1":"product","2":"type-product","3":"status-publish","4":"has-post-thumbnail","6":"product_cat-dattes-et-the","7":"product_cat-produits-du-terroir","9":"first","10":"instock","11":"shipping-taxable","12":"purchasable","13":"product-type-simple"},"_links":{"self":[{"href":"https:\/\/bilive.ma\/index.php\/wp-json\/wp\/v2\/product\/5396","targetHints":{"allow":["GET"]}}],"collection":[{"href":"https:\/\/bilive.ma\/index.php\/wp-json\/wp\/v2\/product"}],"about":[{"href":"https:\/\/bilive.ma\/index.php\/wp-json\/wp\/v2\/types\/product"}],"replies":[{"embeddable":true,"href":"https:\/\/bilive.ma\/index.php\/wp-json\/wp\/v2\/comments?post=5396"}],"version-history":[{"count":1,"href":"https:\/\/bilive.ma\/index.php\/wp-json\/wp\/v2\/product\/5396\/revisions"}],"predecessor-version":[{"id":5398,"href":"https:\/\/bilive.ma\/index.php\/wp-json\/wp\/v2\/product\/5396\/revisions\/5398"}],"wp:featuredmedia":[{"embeddable":true,"href":"https:\/\/bilive.ma\/index.php\/wp-json\/wp\/v2\/media\/5397"}],"wp:attachment":[{"href":"https:\/\/bilive.ma\/index.php\/wp-json\/wp\/v2\/media?parent=5396"}],"wp:term":[{"taxonomy":"product_brand","embeddable":true,"href":"https:\/\/bilive.ma\/index.php\/wp-json\/wp\/v2\/product_brand?post=5396"},{"taxonomy":"product_cat","embeddable":true,"href":"https:\/\/bilive.ma\/index.php\/wp-json\/wp\/v2\/product_cat?post=5396"},{"taxonomy":"product_tag","embeddable":true,"href":"https:\/\/bilive.ma\/index.php\/wp-json\/wp\/v2\/product_tag?post=5396"}],"curies":[{"name":"wp","href":"https:\/\/api.w.org\/{rel}","templated":true}]}}