{"id":5859,"date":"2026-04-08T10:38:51","date_gmt":"2026-04-08T08:38:51","guid":{"rendered":"https:\/\/bilive.ma\/?post_type=product&#038;p=5859"},"modified":"2026-04-08T10:40:05","modified_gmt":"2026-04-08T08:40:05","slug":"terrasana-gros-flocons-davoine-sans-gluten-450g","status":"publish","type":"product","link":"https:\/\/bilive.ma\/index.php\/product\/terrasana-gros-flocons-davoine-sans-gluten-450g\/","title":{"rendered":"Terrasana Gros Flocons d\u2019Avoine sans Gluten 450G"},"content":{"rendered":"<p style=\"text-align: justify;\">Commencez la journ\u00e9e avec un petit-d\u00e9jeuner sain et nutritif gr\u00e2ce aux gros flocons d\u2019avoine sans gluten <strong data-start=\"252\" data-end=\"265\">Terrasana<\/strong>. Issus de l\u2019agriculture biologique et cultiv\u00e9s dans des conditions strictes pour \u00e9viter toute contamination, ils sont parfaitement adapt\u00e9s aux personnes intol\u00e9rantes au gluten ou atteintes de la maladie c\u0153liaque<\/p>\n","protected":false},"excerpt":{"rendered":"<p style=\"text-align: justify;\">Commencez la journ\u00e9e avec un petit-d\u00e9jeuner sain et nutritif gr\u00e2ce aux gros flocons d\u2019avoine sans gluten <strong data-start=\"252\" data-end=\"265\">Terrasana<\/strong>. Issus de l\u2019agriculture biologique et cultiv\u00e9s dans des conditions strictes pour \u00e9viter toute contamination, ils sont parfaitement adapt\u00e9s aux personnes intol\u00e9rantes au gluten ou atteintes de la maladie c\u0153liaque<\/p>\n","protected":false},"featured_media":5860,"comment_status":"open","ping_status":"closed","template":"","meta":[],"product_brand":[],"product_cat":[75,76],"product_tag":[],"class_list":{"0":"post-5859","1":"product","2":"type-product","3":"status-publish","4":"has-post-thumbnail","6":"product_cat-regimes-speciaux","7":"product_cat-sans-gluten","9":"first","10":"instock","11":"shipping-taxable","12":"purchasable","13":"product-type-simple"},"_links":{"self":[{"href":"https:\/\/bilive.ma\/index.php\/wp-json\/wp\/v2\/product\/5859","targetHints":{"allow":["GET"]}}],"collection":[{"href":"https:\/\/bilive.ma\/index.php\/wp-json\/wp\/v2\/product"}],"about":[{"href":"https:\/\/bilive.ma\/index.php\/wp-json\/wp\/v2\/types\/product"}],"replies":[{"embeddable":true,"href":"https:\/\/bilive.ma\/index.php\/wp-json\/wp\/v2\/comments?post=5859"}],"version-history":[{"count":3,"href":"https:\/\/bilive.ma\/index.php\/wp-json\/wp\/v2\/product\/5859\/revisions"}],"predecessor-version":[{"id":5863,"href":"https:\/\/bilive.ma\/index.php\/wp-json\/wp\/v2\/product\/5859\/revisions\/5863"}],"wp:featuredmedia":[{"embeddable":true,"href":"https:\/\/bilive.ma\/index.php\/wp-json\/wp\/v2\/media\/5860"}],"wp:attachment":[{"href":"https:\/\/bilive.ma\/index.php\/wp-json\/wp\/v2\/media?parent=5859"}],"wp:term":[{"taxonomy":"product_brand","embeddable":true,"href":"https:\/\/bilive.ma\/index.php\/wp-json\/wp\/v2\/product_brand?post=5859"},{"taxonomy":"product_cat","embeddable":true,"href":"https:\/\/bilive.ma\/index.php\/wp-json\/wp\/v2\/product_cat?post=5859"},{"taxonomy":"product_tag","embeddable":true,"href":"https:\/\/bilive.ma\/index.php\/wp-json\/wp\/v2\/product_tag?post=5859"}],"curies":[{"name":"wp","href":"https:\/\/api.w.org\/{rel}","templated":true}]}}