{"id":5864,"date":"2026-04-08T10:44:04","date_gmt":"2026-04-08T08:44:04","guid":{"rendered":"https:\/\/bilive.ma\/?post_type=product&#038;p=5864"},"modified":"2026-04-08T10:44:04","modified_gmt":"2026-04-08T08:44:04","slug":"alb-gold-pennes-au-riz-brun-250g","status":"publish","type":"product","link":"https:\/\/bilive.ma\/index.php\/product\/alb-gold-pennes-au-riz-brun-250g\/","title":{"rendered":"Alb Gold Pennes au Riz Brun 250G"},"content":{"rendered":"<p style=\"text-align: justify;\">Les penne au riz brun d\u2019Alb Gold sont des p\u00e2tes de la gamme sans gluten, sous forme de macaronis qui ont une couleur caract\u00e9ristique. Ils sont id\u00e9aux pour de nombreuses personnes intol\u00e9rantes au gluten, une prot\u00e9ine de c\u00e9r\u00e9ales.<\/p>\n","protected":false},"excerpt":{"rendered":"<p style=\"text-align: justify;\"><strong>Ingr\u00e9dients:<\/strong><br \/>\nFarine de riz brun issue de l\u2019agriculture biologique certifi\u00e9e.<\/p>\n<p style=\"text-align: justify;\"><strong>Valeurs nutritionnelles par 100g:<\/strong><br \/>\nValeur \u00e9nerg\u00e9tique 365 Kcal<br \/>\nMati\u00e8res grasses \/ Lipides 3.6 g<br \/>\nAcides gras satur\u00e9s 0.8 g<br \/>\nGlucides \/ Hydrates de carbone 73 g<br \/>\nSucres 1.1 g<br \/>\nFibres alimentaires 3.4 g<br \/>\nProt\u00e9ines 8.5 g<br \/>\nSel 0.01 g<\/p>\n","protected":false},"featured_media":5865,"comment_status":"open","ping_status":"closed","template":"","meta":[],"product_brand":[],"product_cat":[75,76],"product_tag":[],"class_list":{"0":"post-5864","1":"product","2":"type-product","3":"status-publish","4":"has-post-thumbnail","6":"product_cat-regimes-speciaux","7":"product_cat-sans-gluten","9":"first","10":"instock","11":"shipping-taxable","12":"purchasable","13":"product-type-simple"},"_links":{"self":[{"href":"https:\/\/bilive.ma\/index.php\/wp-json\/wp\/v2\/product\/5864","targetHints":{"allow":["GET"]}}],"collection":[{"href":"https:\/\/bilive.ma\/index.php\/wp-json\/wp\/v2\/product"}],"about":[{"href":"https:\/\/bilive.ma\/index.php\/wp-json\/wp\/v2\/types\/product"}],"replies":[{"embeddable":true,"href":"https:\/\/bilive.ma\/index.php\/wp-json\/wp\/v2\/comments?post=5864"}],"version-history":[{"count":1,"href":"https:\/\/bilive.ma\/index.php\/wp-json\/wp\/v2\/product\/5864\/revisions"}],"predecessor-version":[{"id":5866,"href":"https:\/\/bilive.ma\/index.php\/wp-json\/wp\/v2\/product\/5864\/revisions\/5866"}],"wp:featuredmedia":[{"embeddable":true,"href":"https:\/\/bilive.ma\/index.php\/wp-json\/wp\/v2\/media\/5865"}],"wp:attachment":[{"href":"https:\/\/bilive.ma\/index.php\/wp-json\/wp\/v2\/media?parent=5864"}],"wp:term":[{"taxonomy":"product_brand","embeddable":true,"href":"https:\/\/bilive.ma\/index.php\/wp-json\/wp\/v2\/product_brand?post=5864"},{"taxonomy":"product_cat","embeddable":true,"href":"https:\/\/bilive.ma\/index.php\/wp-json\/wp\/v2\/product_cat?post=5864"},{"taxonomy":"product_tag","embeddable":true,"href":"https:\/\/bilive.ma\/index.php\/wp-json\/wp\/v2\/product_tag?post=5864"}],"curies":[{"name":"wp","href":"https:\/\/api.w.org\/{rel}","templated":true}]}}