{"id":5934,"date":"2026-04-16T13:36:08","date_gmt":"2026-04-16T11:36:08","guid":{"rendered":"https:\/\/bilive.ma\/?post_type=product&#038;p=5934"},"modified":"2026-04-16T13:37:37","modified_gmt":"2026-04-16T11:37:37","slug":"primeal-bouillon-de-legumes-sans-sel-en-cube-8x9g","status":"publish","type":"product","link":"https:\/\/bilive.ma\/index.php\/product\/primeal-bouillon-de-legumes-sans-sel-en-cube-8x9g\/","title":{"rendered":"Primeal Bouillon de L\u00e9gumes sans Sel (En Cube) 8X9G"},"content":{"rendered":"<p style=\"text-align: justify;\">Beurre de karit\u00e9*, l\u00e9gumes 20% (tomates*, c\u00e9leri *, oignons*, carottes*, poireaux*, panais*), amidon de ma\u00efs*, sirop de glucose*, sucre de canne<br \/>\nblond*, extrait de levure, \u00e9pices* et aromates* (ail*, liv\u00e8che*, macis*, persil*, feuilles de c\u00e9leri *, curcuma*, origan*, romarin*, thym*, gingembre*), jus de l\u00e9gumes* concentr\u00e9 (c\u00e9leri *, carottes*, oignons*), huile d\u2019olive*, caramel*, huile de tournesol*<br \/>\n*issus de l\u2019agriculture biologique<\/p>\n<p style=\"text-align: justify;\"><strong>Valeurs nutritionnelles pour 100g de produit sec:<\/strong><br \/>\nValeur \u00e9nerg\u00e9tique 2146kJ \u2013 515kcal<br \/>\nMati\u00e8res grasses 31,1 g<br \/>\ndont acides gras satur\u00e9s 14,4 g<br \/>\nGlucides 49,0 g<br \/>\ndont sucres 4,8 g<br \/>\nFibres 5,8 g<br \/>\nProt\u00e9ines 6,6 g<br \/>\nSel 0,3 g<\/p>\n","protected":false},"excerpt":{"rendered":"<p style=\"text-align: justify;\">Un petit cube pratique pour relever votre cuisine sans ajouter de sel !<br \/>\nIl concentre une richesse de saveurs v\u00e9g\u00e9tales et il se dilue rapidement en contact avec un liquide chaud. Sans huile de palme<\/p>\n","protected":false},"featured_media":5935,"comment_status":"open","ping_status":"closed","template":"","meta":[],"product_brand":[],"product_cat":[102,75],"product_tag":[],"class_list":{"0":"post-5934","1":"product","2":"type-product","3":"status-publish","4":"has-post-thumbnail","6":"product_cat-pauvre-en-sel","7":"product_cat-regimes-speciaux","9":"first","10":"instock","11":"shipping-taxable","12":"purchasable","13":"product-type-simple"},"_links":{"self":[{"href":"https:\/\/bilive.ma\/index.php\/wp-json\/wp\/v2\/product\/5934","targetHints":{"allow":["GET"]}}],"collection":[{"href":"https:\/\/bilive.ma\/index.php\/wp-json\/wp\/v2\/product"}],"about":[{"href":"https:\/\/bilive.ma\/index.php\/wp-json\/wp\/v2\/types\/product"}],"replies":[{"embeddable":true,"href":"https:\/\/bilive.ma\/index.php\/wp-json\/wp\/v2\/comments?post=5934"}],"version-history":[{"count":2,"href":"https:\/\/bilive.ma\/index.php\/wp-json\/wp\/v2\/product\/5934\/revisions"}],"predecessor-version":[{"id":5937,"href":"https:\/\/bilive.ma\/index.php\/wp-json\/wp\/v2\/product\/5934\/revisions\/5937"}],"wp:featuredmedia":[{"embeddable":true,"href":"https:\/\/bilive.ma\/index.php\/wp-json\/wp\/v2\/media\/5935"}],"wp:attachment":[{"href":"https:\/\/bilive.ma\/index.php\/wp-json\/wp\/v2\/media?parent=5934"}],"wp:term":[{"taxonomy":"product_brand","embeddable":true,"href":"https:\/\/bilive.ma\/index.php\/wp-json\/wp\/v2\/product_brand?post=5934"},{"taxonomy":"product_cat","embeddable":true,"href":"https:\/\/bilive.ma\/index.php\/wp-json\/wp\/v2\/product_cat?post=5934"},{"taxonomy":"product_tag","embeddable":true,"href":"https:\/\/bilive.ma\/index.php\/wp-json\/wp\/v2\/product_tag?post=5934"}],"curies":[{"name":"wp","href":"https:\/\/api.w.org\/{rel}","templated":true}]}}