{"id":5941,"date":"2026-04-16T13:45:30","date_gmt":"2026-04-16T11:45:30","guid":{"rendered":"https:\/\/bilive.ma\/?post_type=product&#038;p=5941"},"modified":"2026-04-16T13:45:30","modified_gmt":"2026-04-16T11:45:30","slug":"prosain-sauce-basilic-sans-sel-ajoute-200g","status":"publish","type":"product","link":"https:\/\/bilive.ma\/index.php\/product\/prosain-sauce-basilic-sans-sel-ajoute-200g\/","title":{"rendered":"Prosain Sauce Basilic sans Sel Ajout\u00e9 200G"},"content":{"rendered":"<p style=\"text-align: justify;\">Recette italienne\u00a0finement cuisin\u00e9e\u00a0au \u00e0 la tomate et au basilic, sans sel ajout\u00e9.<\/p>\n<p style=\"text-align: justify;\">Teneur maximale en sodium :\u00a0120\u00a0mg \/ 100 g. La teneur en sel est due exclusivement \u00e0 la pr\u00e9sence naturelle de sodium.<\/p>\n<p style=\"text-align: justify;\">Id\u00e9ale pour accompagner les plats de p\u00e2tes. Peut \u00e9galement servir de base de recette.<\/p>\n","protected":false},"excerpt":{"rendered":"<p style=\"text-align: justify;\">Recette italienne\u00a0finement cuisin\u00e9e\u00a0au \u00e0 la tomate et au basilic, sans sel ajout\u00e9.<\/p>\n<p style=\"text-align: justify;\">Teneur maximale en sodium :\u00a0120\u00a0mg \/ 100 g. La teneur en sel est due exclusivement \u00e0 la pr\u00e9sence naturelle de sodium.<\/p>\n<p style=\"text-align: justify;\">Id\u00e9ale pour accompagner les plats de p\u00e2tes. Peut \u00e9galement servir de base de recette.<\/p>\n","protected":false},"featured_media":5943,"comment_status":"open","ping_status":"closed","template":"","meta":[],"product_brand":[],"product_cat":[102,75],"product_tag":[],"class_list":{"0":"post-5941","1":"product","2":"type-product","3":"status-publish","4":"has-post-thumbnail","6":"product_cat-pauvre-en-sel","7":"product_cat-regimes-speciaux","9":"first","10":"instock","11":"shipping-taxable","12":"purchasable","13":"product-type-simple"},"_links":{"self":[{"href":"https:\/\/bilive.ma\/index.php\/wp-json\/wp\/v2\/product\/5941","targetHints":{"allow":["GET"]}}],"collection":[{"href":"https:\/\/bilive.ma\/index.php\/wp-json\/wp\/v2\/product"}],"about":[{"href":"https:\/\/bilive.ma\/index.php\/wp-json\/wp\/v2\/types\/product"}],"replies":[{"embeddable":true,"href":"https:\/\/bilive.ma\/index.php\/wp-json\/wp\/v2\/comments?post=5941"}],"version-history":[{"count":1,"href":"https:\/\/bilive.ma\/index.php\/wp-json\/wp\/v2\/product\/5941\/revisions"}],"predecessor-version":[{"id":5944,"href":"https:\/\/bilive.ma\/index.php\/wp-json\/wp\/v2\/product\/5941\/revisions\/5944"}],"wp:featuredmedia":[{"embeddable":true,"href":"https:\/\/bilive.ma\/index.php\/wp-json\/wp\/v2\/media\/5943"}],"wp:attachment":[{"href":"https:\/\/bilive.ma\/index.php\/wp-json\/wp\/v2\/media?parent=5941"}],"wp:term":[{"taxonomy":"product_brand","embeddable":true,"href":"https:\/\/bilive.ma\/index.php\/wp-json\/wp\/v2\/product_brand?post=5941"},{"taxonomy":"product_cat","embeddable":true,"href":"https:\/\/bilive.ma\/index.php\/wp-json\/wp\/v2\/product_cat?post=5941"},{"taxonomy":"product_tag","embeddable":true,"href":"https:\/\/bilive.ma\/index.php\/wp-json\/wp\/v2\/product_tag?post=5941"}],"curies":[{"name":"wp","href":"https:\/\/api.w.org\/{rel}","templated":true}]}}